-- MySQL dump 10.13  Distrib 8.0.29, for Linux (x86_64)
--
-- Host: localhost    Database: fledgerock
-- ------------------------------------------------------
-- Server version	8.0.29-0ubuntu0.20.04.3

/*!40101 SET @OLD_CHARACTER_SET_CLIENT=@@CHARACTER_SET_CLIENT */;
/*!40101 SET @OLD_CHARACTER_SET_RESULTS=@@CHARACTER_SET_RESULTS */;
/*!40101 SET @OLD_COLLATION_CONNECTION=@@COLLATION_CONNECTION */;
/*!50503 SET NAMES utf8mb4 */;
/*!40103 SET @OLD_TIME_ZONE=@@TIME_ZONE */;
/*!40103 SET TIME_ZONE='+00:00' */;
/*!40014 SET @OLD_UNIQUE_CHECKS=@@UNIQUE_CHECKS, UNIQUE_CHECKS=0 */;
/*!40014 SET @OLD_FOREIGN_KEY_CHECKS=@@FOREIGN_KEY_CHECKS, FOREIGN_KEY_CHECKS=0 */;
/*!40101 SET @OLD_SQL_MODE=@@SQL_MODE, SQL_MODE='NO_AUTO_VALUE_ON_ZERO' */;
/*!40111 SET @OLD_SQL_NOTES=@@SQL_NOTES, SQL_NOTES=0 */;

--
-- Table structure for table `characters`
--

DROP TABLE IF EXISTS `characters`;
/*!40101 SET @saved_cs_client     = @@character_set_client */;
/*!50503 SET character_set_client = utf8mb4 */;
CREATE TABLE `characters` (
  `characterid` int NOT NULL AUTO_INCREMENT,
  `uuid` varchar(64) NOT NULL,
  `displayname` varchar(100) NOT NULL,
  `casting` int NOT NULL DEFAULT '0',
  `brewing` int NOT NULL DEFAULT '0',
  `transfiguration` int NOT NULL DEFAULT '0',
  `hidden` int NOT NULL DEFAULT '0',
  PRIMARY KEY (`characterid`),
  UNIQUE KEY `characterid_UNIQUE` (`characterid`),
  UNIQUE KEY `idx_playercharacters` (`uuid`,`displayname`)
) ENGINE=MyISAM AUTO_INCREMENT=218 DEFAULT CHARSET=utf8mb3;
/*!40101 SET character_set_client = @saved_cs_client */;

--
-- Dumping data for table `characters`
--

LOCK TABLES `characters` WRITE;
/*!40000 ALTER TABLE `characters` DISABLE KEYS */;
INSERT INTO `characters` VALUES (1,'1234abc','Toast',74,23,1,0),(2,'b98a4eaf-f9f7-45c9-a6b3-2189c744c630','Testington',119,558,35,0),(3,'b98a4eaf-f9f7-45c9-a6b3-2189c744c630','Fish',1,1,1,1),(4,'b98a4eaf-f9f7-45c9-a6b3-2189c744c630','Wooo',1,1,1,0),(5,'a08ae45a-d59c-45e2-906f-d26e03d496b4','New',0,0,0,1),(6,'a08ae45a-d59c-45e2-906f-d26e03d496b4','Moo2',101,1,1,0),(7,'a08ae45a-d59c-45e2-906f-d26e03d496b4','Moo3',51,181,1,0),(8,'676c5d9a-4829-4446-a4fc-9cb31a66c451','Jorgia Prynce',320,352,250,0),(9,'676c5d9a-4829-4446-a4fc-9cb31a66c451','Dallis MacInnis',501,501,501,0),(10,'676c5d9a-4829-4446-a4fc-9cb31a66c451','Josephine Pryah',561,551,551,0),(11,'fc722498-6cd8-4c38-a5f6-7b5f8d34f72a','Alaric Vos',271,351,261,0),(12,'7e5c9ba7-7b64-4dc3-9e2c-fcb83dedf935','New',0,0,0,0),(13,'7e5c9ba7-7b64-4dc3-9e2c-fcb83dedf935','Kettia Belizaire',301,81,251,0),(14,'7e5c9ba7-7b64-4dc3-9e2c-fcb83dedf935','Rozelle Moreno',451,151,431,0),(15,'5e84b35f-1a48-4eb2-90ad-12df3c196a86','Sophey Turner',200,200,200,0),(16,'5e84b35f-1a48-4eb2-90ad-12df3c196a86','Rae Katana',551,551,551,0),(17,'5e84b35f-1a48-4eb2-90ad-12df3c196a86','Sam Brune',326,211,251,0),(18,'b1b8ddb0-f8cb-4e08-9d88-4640f1366a7d','Atticus Wardinger',550,550,550,0),(19,'b1b8ddb0-f8cb-4e08-9d88-4640f1366a7d','Icarus Lagorio',1,1,1,0),(20,'29b86943-4964-4eb6-b634-3fc40cf419b4','Peach L. Prynce-McCants',305,210,210,0),(21,'b2093cea-c283-47a6-bf65-51025759b266','New',0,0,0,1),(22,'b2093cea-c283-47a6-bf65-51025759b266','Upton',1,1,1,0),(23,'b2093cea-c283-47a6-bf65-51025759b266','Upton the second',1,1,1,0),(24,'676c5d9a-4829-4446-a4fc-9cb31a66c451','TestJorgia',91,51,81,1),(25,'7e5c9ba7-7b64-4dc3-9e2c-fcb83dedf935','Test',50,81,70,1),(26,'533d2431-c250-48ef-b3a4-0d37dc065509','Josephine Pryah',705,705,705,0),(27,'efed6d1d-11de-4d26-b03b-0330dac4fadb','New',0,0,0,0),(28,'efed6d1d-11de-4d26-b03b-0330dac4fadb','Edred Grimmel',551,551,556,0),(29,'ca74d8f1-1880-44fa-a703-255ba7612dd6','New',0,0,0,0),(30,'ca74d8f1-1880-44fa-a703-255ba7612dd6','Olin Kelly',406,281,381,0),(31,'1844ce6f-2ffb-4216-8b0e-334ff730720b','New',0,0,0,0),(32,'1844ce6f-2ffb-4216-8b0e-334ff730720b','Eric Hyland',316,211,301,0),(33,'31eea0b8-fe04-4a82-aca0-828fea363f72','Patrick Quinn',470,360,360,0),(34,'4a8a0296-43d8-43a4-bca2-0ba95a9ef768','New',0,0,0,0),(35,'4a8a0296-43d8-43a4-bca2-0ba95a9ef768','Sophey',51,21,21,0),(36,'ff3493ba-76b9-403a-b301-cba1421ed36f','New',0,0,0,0),(37,'ff3493ba-76b9-403a-b301-cba1421ed36f','Kuramoto, Lucious',361,360,281,1),(38,'ff3493ba-76b9-403a-b301-cba1421ed36f','Lucious Kuramoto',360,360,311,0),(39,'207d133b-d3b1-43c5-b13a-ada76c45bda0','New',0,0,0,0),(40,'207d133b-d3b1-43c5-b13a-ada76c45bda0','Mercy',1,1,1,0),(41,'18a48eb8-2dc0-49df-b63e-f7e9bbfab764','New',0,0,0,0),(42,'18a48eb8-2dc0-49df-b63e-f7e9bbfab764','Morgan Amai',1,1,1,0),(43,'f14dd745-df8b-457c-87e3-f51de67f2431','Alastor Percival Hale',550,550,550,0),(44,'bc8c1ab5-4f4d-439f-8246-03d9eb74c2f7','Arwen Blackwell',170,210,210,0),(45,'6b3b479f-b437-4d9f-a6bd-2d50f1108b3d','New',0,0,0,0),(46,'6b3b479f-b437-4d9f-a6bd-2d50f1108b3d','Lucille Akemi Moon',151,151,151,0),(47,'3b507bed-f9e6-470e-abea-c4e7f24948b7','New',0,0,0,0),(48,'3b507bed-f9e6-470e-abea-c4e7f24948b7','Doe Colibri',1,1,1,0),(49,'db83dfa2-101f-40ec-8e89-c0863b851417','Hema',210,210,150,0),(50,'9b30875b-6c19-4c30-995d-95031792f18a','New',0,0,0,1),(51,'9b30875b-6c19-4c30-995d-95031792f18a','Ramon Noriega',211,151,211,0),(52,'676c5d9a-4829-4446-a4fc-9cb31a66c451','Zorena Malachite',601,601,601,0),(53,'609ea97b-cc6a-44d2-a927-e3f5edec816b','New',0,0,0,0),(54,'ae2fde34-0275-4bcf-ab8a-96526945802a','New',0,0,0,0),(135,'69107701-a3cb-4d01-903c-72e160a34058','Shika LeFleur',210,300,210,0),(56,'609ea97b-cc6a-44d2-a927-e3f5edec816b','Berin Jade Kaya',291,281,211,0),(57,'ae2fde34-0275-4bcf-ab8a-96526945802a','Micah Tatum Petrou',221,151,211,0),(58,'27f21910-1549-4391-8101-43b06abbaf70','New',0,0,0,0),(59,'104521ca-b60b-4796-b575-70bf3b1126f1','New',0,0,0,0),(60,'104521ca-b60b-4796-b575-70bf3b1126f1','Moran Greenwood',1,1,1,0),(61,'81dc3b8f-a180-4715-b5b6-126828346ee0','New',0,0,0,0),(62,'81dc3b8f-a180-4715-b5b6-126828346ee0','Ophelia Hemlock',281,281,211,0),(63,'2189c2f0-a57c-4bb4-a934-1a7fa2b4b0b8','New',0,0,0,0),(64,'2189c2f0-a57c-4bb4-a934-1a7fa2b4b0b8','Taylor Celine',211,211,151,0),(65,'ca5d15bc-13e0-4638-ac85-6b68a0c9294f','New',0,0,0,0),(66,'ca5d15bc-13e0-4638-ac85-6b68a0c9294f','Clyde Clanahan',221,151,211,0),(67,'c9c9ef8c-99b0-46e5-bdf5-95787fb5b353','New',0,0,0,0),(68,'c9c9ef8c-99b0-46e5-bdf5-95787fb5b353','Magnus Laufreyn',151,151,151,0),(69,'fdf5746a-e891-4418-b31d-306867f3e354','Chase Ashford',290,210,210,0),(70,'e3440745-0e5c-4cce-81b7-a6b34a5b5739','New',600,600,600,0),(71,'e3440745-0e5c-4cce-81b7-a6b34a5b5739','Liam Tierney',601,601,601,0),(72,'676c5d9a-4829-4446-a4fc-9cb31a66c451','Emelina Cadigan',231,231,281,0),(73,'533d2431-c250-48ef-b3a4-0d37dc065509','Jorgia Prynce',281,303,251,0),(74,'ca74d8f1-1880-44fa-a703-255ba7612dd6','Cassian Faulkner',361,361,361,0),(75,'77e7c657-3fe4-48ca-8b20-0d9231e1255d','New',0,0,0,0),(76,'77e7c657-3fe4-48ca-8b20-0d9231e1255d','Gregori Belyakov',551,551,551,0),(77,'77e7c657-3fe4-48ca-8b20-0d9231e1255d','Aden Landstrom',551,551,551,0),(78,'f71fb3c6-e7b6-4ace-8b5c-729239fbea05','New',0,0,0,0),(79,'f71fb3c6-e7b6-4ace-8b5c-729239fbea05','Amethyst',281,211,281,1),(80,'f71fb3c6-e7b6-4ace-8b5c-729239fbea05','Amethyst Sanderson',281,211,281,0),(81,'0c9fbc01-e94b-4f88-829d-82e393d46153','New',0,0,0,0),(82,'0c9fbc01-e94b-4f88-829d-82e393d46153','Eilidh Dashwood',211,211,151,0),(83,'cb564a81-0556-44c0-ae07-3e92b3d7bcbc','New',0,0,0,0),(84,'cb564a81-0556-44c0-ae07-3e92b3d7bcbc','Kayla Moore',211,151,211,0),(85,'cb564a81-0556-44c0-ae07-3e92b3d7bcbc','18 | Subtle Barbadose Accent',1,1,1,0),(86,'17c6fdcc-e932-42a5-8374-54c04a419a5e','New',0,0,0,0),(87,'17c6fdcc-e932-42a5-8374-54c04a419a5e','Gabrielle Nevermore',151,151,151,0),(88,'2d09cc73-dfc7-41a6-aa5b-237f76021e2a','New',0,0,0,0),(89,'2d09cc73-dfc7-41a6-aa5b-237f76021e2a','Gisele Isaura Madeiras',151,151,151,0),(90,'5d9861c7-5869-462e-9e24-1dc3aa49fca6','New',0,0,0,0),(91,'5d9861c7-5869-462e-9e24-1dc3aa49fca6','Draco Hex Black',281,281,281,0),(92,'c80fdfc6-03dc-454f-97ff-c184f5d2deaf','New',0,0,0,0),(93,'c80fdfc6-03dc-454f-97ff-c184f5d2deaf','Dagmara',1,1,1,0),(94,'a43f51bf-7f2c-4a26-ab31-5efe3be6829d','New',0,0,0,0),(95,'a43f51bf-7f2c-4a26-ab31-5efe3be6829d','Mina Bencroft',151,151,151,0),(96,'87b22ef1-0f2f-4e29-89b9-bed6c443d958','Sara Hendrix|Mayor',1000,1000,1000,0),(97,'12309200-8b89-42ef-b9e2-374c6417e005','Aislinn Stallard',210,150,210,0),(98,'c8562ff7-5f0c-45b9-ab63-24ffc6ad4ac6','Egor Kozlov',550,550,550,0),(99,'b6adc689-9a55-4b0e-82ec-c868be7a2be5','Miguel Darling',550,550,550,0),(100,'a64d7202-d6db-45af-b3a8-765002f3ca33','New',0,0,0,0),(101,'a64d7202-d6db-45af-b3a8-765002f3ca33','Maximus Blankes',501,501,501,0),(102,'74af683f-5904-465e-9572-acf3caa5d22c','Bronwen Blankes',500,500,500,0),(103,'676c5d9a-4829-4446-a4fc-9cb31a66c451','Jolene Black',601,601,601,0),(104,'e1beb32f-eb81-44bf-b376-7795e8c6de8d','New',150,210,150,0),(105,'e1beb32f-eb81-44bf-b376-7795e8c6de8d','Elvie Li',151,211,151,0),(106,'75b7436c-05b7-4ff8-8767-2d78289e2127','New',0,0,0,0),(107,'75b7436c-05b7-4ff8-8767-2d78289e2127','Roxanna Cole',551,551,551,0),(108,'0ac561d8-4067-4e90-b8c1-b31141c8de8f','New',0,0,0,0),(109,'0ac561d8-4067-4e90-b8c1-b31141c8de8f','Dani Waters',291,311,211,0),(110,'e9951d7e-b38f-43b5-93c9-595c83e8328f','New',0,0,0,0),(111,'e9951d7e-b38f-43b5-93c9-595c83e8328f','Wendy Works',501,501,501,0),(112,'d8adddf6-0384-4ddb-ab60-304048e93c42','Morrigan Jean Summers',475,475,475,0),(113,'f63d9827-623d-4ca2-85f1-fa2572d0ee08','New',0,0,0,0),(114,'f63d9827-623d-4ca2-85f1-fa2572d0ee08','Ossian Quinn Reese',451,451,361,0),(115,'4d10de4f-02b0-452a-b457-343ce34cb24a','New',0,0,0,0),(116,'4d10de4f-02b0-452a-b457-343ce34cb24a','Katsumi Oshiro',306,231,286,0),(117,'8c2a8bc7-f384-4e26-b9c7-d3b8d502f464','New',0,0,0,0),(118,'8c2a8bc7-f384-4e26-b9c7-d3b8d502f464','Sera Roswell',501,521,451,0),(119,'e931aa73-1aa5-45e6-881d-beebe9adc857','Damien Wright',505,525,460,0),(120,'0650f871-85ed-4a5b-afe3-4d5f78cc1284','New',450,450,450,0),(121,'0650f871-85ed-4a5b-afe3-4d5f78cc1284','Nathaniel Bryce',451,451,451,0),(122,'9f4a59ad-aa28-49ce-ae4d-691eb63b153b','New',0,0,0,0),(123,'9f4a59ad-aa28-49ce-ae4d-691eb63b153b','Alina \'Taylor\' Kane',281,281,211,0),(124,'4394978c-5847-4ea5-a099-1bd19615ff72','Athena Sasaki',510,450,450,0),(125,'23f83ee2-d471-4fac-921e-420e93c319fd','Eleanor Snowward',150,210,210,0),(126,'9f09bb88-5496-4b5e-bed6-190be396515a','New',210,150,210,0),(127,'dc4e0e4e-d991-4409-b133-29052f67483f','Cassidy Hartdegen',260,260,310,0),(128,'fe7b89fd-2fc4-47c8-a465-19d045e26242','Altissa Moreno',230,150,150,0),(129,'a220fd9c-81aa-4b5e-84bd-83ce879f6531','New',0,0,0,0),(130,'a220fd9c-81aa-4b5e-84bd-83ce879f6531','Xavier Vautour',366,366,461,0),(134,'676c5d9a-4829-4446-a4fc-9cb31a66c451','bob',1,1,1,1),(133,'39f4f61e-0d08-45c3-a184-c1d899d5c520','Seraphina Winters',210,150,210,0),(136,'c1fd57ba-faf1-4f31-9837-1adc1b5a0d61','Neba',150,230,150,0),(137,'4295b389-77c9-4a2d-9e6f-5a6f287f13ee','Victor Kane',510,550,500,0),(138,'a3ae7867-ac9c-4556-875a-9b13552b8456','Mariah Xorbun',500,550,500,0),(139,'114c7b9d-2dc1-4481-85fa-87e3549715a6','New',0,0,0,0),(140,'114c7b9d-2dc1-4481-85fa-87e3549715a6','Francisco Moretti',151,151,151,1),(141,'1eb55a32-d094-48e1-ba58-3e485784df37','Izel Kane',550,500,510,0),(142,'8b32fd96-6cf0-40b3-8bb0-4c6497f22649','New',0,0,0,0),(143,'8b32fd96-6cf0-40b3-8bb0-4c6497f22649','Alicia Rose',281,281,211,0),(144,'4e71fb2a-f1f2-4abd-a571-9b72a3768b98','Rhy',210,150,210,1),(145,'bf678fde-63d2-438d-abf5-eccac686af08','New',0,0,0,0),(146,'bf678fde-63d2-438d-abf5-eccac686af08','Alec Harkenstone',551,501,1,0),(147,'a7bc64b7-3b74-4bbb-9ae3-3ae188933d37','New',0,0,0,0),(148,'a7bc64b7-3b74-4bbb-9ae3-3ae188933d37','Astra Eternal',361,361,281,0),(149,'4e71fb2a-f1f2-4abd-a571-9b72a3768b98','New',0,0,0,0),(150,'4e71fb2a-f1f2-4abd-a571-9b72a3768b98','Regulus Dumontford',211,151,211,0),(151,'4b35068d-0ada-4e8c-bc3d-e8022e9fe10c','New',0,0,0,0),(152,'4b35068d-0ada-4e8c-bc3d-e8022e9fe10c','Evangeline Autumn',161,211,151,0),(153,'30f9d9d4-0be2-4097-9ec0-930d84f0f843','New',0,0,0,0),(154,'30f9d9d4-0be2-4097-9ec0-930d84f0f843','Hailey Rae Hicks',551,501,551,0),(155,'52369810-64e6-470e-a37b-8a874dee3570','New',0,0,0,0),(156,'52369810-64e6-470e-a37b-8a874dee3570','Griselda Grimaldi',551,551,501,0),(157,'3957e9bd-17ac-4ff6-aea4-090c333b02f3','New',0,0,0,0),(158,'3957e9bd-17ac-4ff6-aea4-090c333b02f3','Igor Kozlov',551,551,551,0),(159,'ed72b233-abd6-4357-97ea-07087a92e7e3','Kira Restrepo',210,150,210,0),(160,'4e71fb2a-f1f2-4abd-a571-9b72a3768b98','Arthur Camlorn',551,501,551,0),(161,'0382aa36-7e34-4ccf-866d-b4efc091b49d','New',0,0,0,0),(162,'0382aa36-7e34-4ccf-866d-b4efc091b49d','Amanda Binder',361,281,281,0),(163,'b587053f-5f24-40de-af91-464a02c11497','New',0,0,0,0),(164,'b587053f-5f24-40de-af91-464a02c11497','Thor Sinister',501,501,501,0),(165,'3bf7e4ac-55d1-4d0a-8bfd-7ede81d06b52','New',0,0,0,0),(166,'3bf7e4ac-55d1-4d0a-8bfd-7ede81d06b52','Ottilie Jones',211,211,151,0),(167,'114c7b9d-2dc1-4481-85fa-87e3549715a6','Ignatious Aldric',211,151,151,0),(168,'609ea97b-cc6a-44d2-a927-e3f5edec816b','Amelia Rose Sinclair',211,211,151,0),(169,'1025b17a-3182-4163-b628-e5bad01dc57c','New',0,0,0,0),(170,'1025b17a-3182-4163-b628-e5bad01dc57c','Saanvi Sarkar',551,501,501,0),(171,'e1beb32f-eb81-44bf-b376-7795e8c6de8d','DJ Tobin',211,211,151,0),(172,'576c0281-3b4a-4234-a8cc-330983f9fbcc','New',0,0,0,0),(173,'576c0281-3b4a-4234-a8cc-330983f9fbcc','Asrinka',151,211,211,0),(174,'febb4759-bc84-4eee-9248-70a6144131de','New',0,0,0,0),(175,'febb4759-bc84-4eee-9248-70a6144131de','Salvador de Zaragoza',501,501,501,0),(176,'81170c3a-0e7b-4acb-a74f-023baf6faa07','New',0,0,0,0),(177,'81170c3a-0e7b-4acb-a74f-023baf6faa07','Essa Nazari',211,151,211,0),(178,'d2f6c46c-f965-4e2b-8c81-7ef1a24d8759','New',0,0,0,0),(179,'d2f6c46c-f965-4e2b-8c81-7ef1a24d8759','Adrian Elsereth',151,126,126,0),(180,'e5f01bed-3abe-4e86-8e40-af4da8941e6e','New',0,0,0,0),(181,'e5f01bed-3abe-4e86-8e40-af4da8941e6e','Adelina Marie Delacroix',361,361,281,0),(182,'6ef3b041-cfe2-4665-867f-dcabbbff8892','New',0,0,0,0),(183,'6ef3b041-cfe2-4665-867f-dcabbbff8892','Amon',551,501,501,0),(184,'74abcee7-81da-4a7f-801f-267efb2f5598','New',0,0,0,0),(185,'74abcee7-81da-4a7f-801f-267efb2f5598','Talula Shippe',126,101,126,0),(186,'609ea97b-cc6a-44d2-a927-e3f5edec816b','Aisha Grace',61,101,101,1),(187,'46ff5cc1-f6da-4607-8bf6-e3ee0f268123','New',0,0,0,0),(188,'01713d6c-18fb-4bc9-b262-e5c02ae5cbbf','New',0,0,0,0),(189,'46ff5cc1-f6da-4607-8bf6-e3ee0f268123','Bellamy Deuxchanson',551,501,551,0),(190,'01713d6c-18fb-4bc9-b262-e5c02ae5cbbf','Airtia Shadoan',501,551,551,0),(191,'00845638-ae7e-4707-9651-2778dd01c666','Sirus Kuiper',550,550,550,0),(192,'5ab40cb2-1353-42ae-a9bc-e620492a4f14','New',0,0,0,0),(193,'5ab40cb2-1353-42ae-a9bc-e620492a4f14','Casey Champion',126,126,101,0),(194,'3b507bed-f9e6-470e-abea-c4e7f24948b7','Thandiwe Mahlengu',501,501,551,0),(195,'64516f74-e9dc-472d-92e9-f10eca1c6866','Melusine Sauvageon',130,125,100,0),(196,'d293fcd6-dc5a-4edf-8054-b315c78dd8b3','New',0,0,0,0),(197,'d293fcd6-dc5a-4edf-8054-b315c78dd8b3','Kalyna Freyja',125,100,125,0),(198,'c2ecaaf3-cc71-44d5-a63a-2533c469239c','New',0,0,0,0),(199,'c2ecaaf3-cc71-44d5-a63a-2533c469239c','Everett Marston',126,126,151,0),(200,'cc5176c4-2ef5-40cc-8335-1db771df9cc2','New',0,0,0,0),(201,'cc5176c4-2ef5-40cc-8335-1db771df9cc2','Periwinkle Fairewell',101,126,101,0),(202,'65a1da6d-845a-42e6-b07b-5d47b9cd52d3','New',0,0,0,0),(203,'65a1da6d-845a-42e6-b07b-5d47b9cd52d3','Aisha Grace',61,101,101,0),(204,'aceadebd-8a84-40c7-a7e7-af60d7776aaa','New',0,0,0,0),(205,'aceadebd-8a84-40c7-a7e7-af60d7776aaa','Akemi Nakayama',126,126,101,0),(206,'7000e789-e2a8-41de-9b19-58fe671d7e61','New',0,0,0,0),(207,'ab42f800-cdf7-4ff3-b1c9-5122a2bb17ca','New',0,0,0,0),(208,'0db347b7-982e-4950-bdca-56596070ace2','New',0,0,0,0),(209,'ab42f800-cdf7-4ff3-b1c9-5122a2bb17ca','Paisley E. Anderson',126,126,101,0),(210,'0db347b7-982e-4950-bdca-56596070ace2','Morgana  Sauvageon',101,126,126,0),(211,'79d657ba-268f-42e6-9840-f304fb7d5c26','New',0,0,0,0),(212,'79d657ba-268f-42e6-9840-f304fb7d5c26','Vittoria Veyriss',101,126,101,0),(213,'078d953b-3953-443a-aa1b-e922380ba0b6','Ardius',125,150,125,0),(214,'febb4759-bc84-4eee-9248-70a6144131de','Alexandra Allaire',126,101,101,0),(215,'8c2a8bc7-f384-4e26-b9c7-d3b8d502f464','Maria Alvarez',551,501,551,0),(216,'72d063a4-8064-4544-8046-54ea8802eacf','New',0,0,0,0),(217,'72d063a4-8064-4544-8046-54ea8802eacf','Belial Geller',126,101,126,0);
/*!40000 ALTER TABLE `characters` ENABLE KEYS */;
UNLOCK TABLES;

--
-- Table structure for table `log`
--

DROP TABLE IF EXISTS `log`;
/*!40101 SET @saved_cs_client     = @@character_set_client */;
/*!50503 SET character_set_client = utf8mb4 */;
CREATE TABLE `log` (
  `id` int NOT NULL AUTO_INCREMENT,
  `logdt` datetime NOT NULL,
  `storyteller` varchar(64) NOT NULL,
  `uuid` varchar(64) NOT NULL,
  `characterid` int NOT NULL,
  `skill` varchar(64) NOT NULL,
  `exp` int NOT NULL,
  PRIMARY KEY (`id`),
  UNIQUE KEY `id_UNIQUE` (`id`)
) ENGINE=MyISAM AUTO_INCREMENT=464 DEFAULT CHARSET=utf8mb3;
/*!40101 SET character_set_client = @saved_cs_client */;

--
-- Dumping data for table `log`
--

LOCK TABLES `log` WRITE;
/*!40000 ALTER TABLE `log` DISABLE KEYS */;
INSERT INTO `log` VALUES (1,'2020-09-21 21:28:57','b98a4eaf-f9f7-45c9-a6b3-2189c744c630','a08ae45a-d59c-45e2-906f-d26e03d496b4',7,'brewing',100),(2,'2020-09-23 00:37:10','676c5d9a-4829-4446-a4fc-9cb31a66c451','676c5d9a-4829-4446-a4fc-9cb31a66c451',24,'brewing',50),(3,'2020-09-23 00:37:20','676c5d9a-4829-4446-a4fc-9cb31a66c451','676c5d9a-4829-4446-a4fc-9cb31a66c451',24,'casting',500),(4,'2020-09-23 00:37:29','676c5d9a-4829-4446-a4fc-9cb31a66c451','676c5d9a-4829-4446-a4fc-9cb31a66c451',24,'transfiguration',80),(5,'2020-09-23 00:37:43','676c5d9a-4829-4446-a4fc-9cb31a66c451','676c5d9a-4829-4446-a4fc-9cb31a66c451',24,'casting',-410),(6,'2020-09-23 00:40:29','676c5d9a-4829-4446-a4fc-9cb31a66c451','7e5c9ba7-7b64-4dc3-9e2c-fcb83dedf935',25,'brewing',80),(7,'2020-09-23 00:40:38','676c5d9a-4829-4446-a4fc-9cb31a66c451','7e5c9ba7-7b64-4dc3-9e2c-fcb83dedf935',25,'casting',49),(8,'2020-09-23 00:40:47','676c5d9a-4829-4446-a4fc-9cb31a66c451','7e5c9ba7-7b64-4dc3-9e2c-fcb83dedf935',25,'transfiguration',69),(9,'2020-09-25 16:47:51','676c5d9a-4829-4446-a4fc-9cb31a66c451','533d2431-c250-48ef-b3a4-0d37dc065509',26,'casting',555),(10,'2020-09-25 16:48:02','676c5d9a-4829-4446-a4fc-9cb31a66c451','533d2431-c250-48ef-b3a4-0d37dc065509',26,'brewing',555),(11,'2020-09-25 16:48:10','676c5d9a-4829-4446-a4fc-9cb31a66c451','533d2431-c250-48ef-b3a4-0d37dc065509',26,'transfiguration',555),(12,'2020-09-25 19:02:55','676c5d9a-4829-4446-a4fc-9cb31a66c451','efed6d1d-11de-4d26-b03b-0330dac4fadb',28,'brewing',550),(13,'2020-09-25 19:03:07','676c5d9a-4829-4446-a4fc-9cb31a66c451','efed6d1d-11de-4d26-b03b-0330dac4fadb',28,'casting',550),(14,'2020-09-25 19:03:17','676c5d9a-4829-4446-a4fc-9cb31a66c451','efed6d1d-11de-4d26-b03b-0330dac4fadb',28,'transfiguration',555),(15,'2020-09-25 20:17:31','676c5d9a-4829-4446-a4fc-9cb31a66c451','676c5d9a-4829-4446-a4fc-9cb31a66c451',8,'casting',30),(16,'2020-09-25 21:48:01','533d2431-c250-48ef-b3a4-0d37dc065509','676c5d9a-4829-4446-a4fc-9cb31a66c451',8,'casting',5),(17,'2020-09-25 21:48:14','533d2431-c250-48ef-b3a4-0d37dc065509','5e84b35f-1a48-4eb2-90ad-12df3c196a86',17,'casting',5),(18,'2020-09-30 22:40:38','676c5d9a-4829-4446-a4fc-9cb31a66c451','ca74d8f1-1880-44fa-a703-255ba7612dd6',30,'brewing',280),(19,'2020-09-30 22:40:53','676c5d9a-4829-4446-a4fc-9cb31a66c451','ca74d8f1-1880-44fa-a703-255ba7612dd6',30,'casting',400),(20,'2020-09-30 22:41:02','676c5d9a-4829-4446-a4fc-9cb31a66c451','ca74d8f1-1880-44fa-a703-255ba7612dd6',30,'transfiguration',380),(21,'2020-09-30 22:50:50','676c5d9a-4829-4446-a4fc-9cb31a66c451','1844ce6f-2ffb-4216-8b0e-334ff730720b',32,'brewing',210),(22,'2020-09-30 22:51:03','676c5d9a-4829-4446-a4fc-9cb31a66c451','1844ce6f-2ffb-4216-8b0e-334ff730720b',32,'casting',300),(23,'2020-09-30 22:51:10','676c5d9a-4829-4446-a4fc-9cb31a66c451','1844ce6f-2ffb-4216-8b0e-334ff730720b',32,'transfiguration',300),(24,'2020-09-30 23:00:25','676c5d9a-4829-4446-a4fc-9cb31a66c451','676c5d9a-4829-4446-a4fc-9cb31a66c451',8,'transfiguration',15),(25,'2020-09-30 23:49:03','5e84b35f-1a48-4eb2-90ad-12df3c196a86','29b86943-4964-4eb6-b634-3fc40cf419b4',20,'casting',5),(26,'2020-09-30 23:49:28','5e84b35f-1a48-4eb2-90ad-12df3c196a86','676c5d9a-4829-4446-a4fc-9cb31a66c451',8,'casting',5),(27,'2020-09-30 23:49:42','5e84b35f-1a48-4eb2-90ad-12df3c196a86','1844ce6f-2ffb-4216-8b0e-334ff730720b',32,'casting',5),(28,'2020-09-30 23:49:55','5e84b35f-1a48-4eb2-90ad-12df3c196a86','ca74d8f1-1880-44fa-a703-255ba7612dd6',30,'casting',5),(29,'2020-10-14 23:44:55','676c5d9a-4829-4446-a4fc-9cb31a66c451','31eea0b8-fe04-4a82-aca0-828fea363f72',33,'brewing',280),(30,'2020-10-14 23:45:06','676c5d9a-4829-4446-a4fc-9cb31a66c451','31eea0b8-fe04-4a82-aca0-828fea363f72',33,'casting',280),(31,'2020-10-14 23:45:19','676c5d9a-4829-4446-a4fc-9cb31a66c451','31eea0b8-fe04-4a82-aca0-828fea363f72',33,'transfiguration',280),(32,'2020-10-14 23:47:43','676c5d9a-4829-4446-a4fc-9cb31a66c451','31eea0b8-fe04-4a82-aca0-828fea363f72',33,'brewing',80),(33,'2020-10-14 23:47:52','676c5d9a-4829-4446-a4fc-9cb31a66c451','31eea0b8-fe04-4a82-aca0-828fea363f72',33,'transfiguration',80),(34,'2020-10-14 23:48:05','676c5d9a-4829-4446-a4fc-9cb31a66c451','31eea0b8-fe04-4a82-aca0-828fea363f72',33,'casting',170),(35,'2020-12-10 02:32:28','5e84b35f-1a48-4eb2-90ad-12df3c196a86','fc722498-6cd8-4c38-a5f6-7b5f8d34f72a',11,'casting',10),(36,'2020-12-10 02:32:50','5e84b35f-1a48-4eb2-90ad-12df3c196a86','31eea0b8-fe04-4a82-aca0-828fea363f72',33,'casting',10),(37,'2020-12-10 02:33:10','5e84b35f-1a48-4eb2-90ad-12df3c196a86','676c5d9a-4829-4446-a4fc-9cb31a66c451',10,'casting',10),(38,'2020-12-10 02:34:39','5e84b35f-1a48-4eb2-90ad-12df3c196a86','676c5d9a-4829-4446-a4fc-9cb31a66c451',8,'casting',10),(39,'2020-12-20 01:42:15','676c5d9a-4829-4446-a4fc-9cb31a66c451','676c5d9a-4829-4446-a4fc-9cb31a66c451',8,'transfiguration',50),(40,'2020-12-30 00:46:53','5e84b35f-1a48-4eb2-90ad-12df3c196a86','4a8a0296-43d8-43a4-bca2-0ba95a9ef768',35,'brewing',10),(41,'2020-12-30 00:47:07','5e84b35f-1a48-4eb2-90ad-12df3c196a86','4a8a0296-43d8-43a4-bca2-0ba95a9ef768',35,'casting',20),(42,'2020-12-30 00:47:15','5e84b35f-1a48-4eb2-90ad-12df3c196a86','4a8a0296-43d8-43a4-bca2-0ba95a9ef768',35,'transfiguration',20),(43,'2020-12-30 00:48:02','5e84b35f-1a48-4eb2-90ad-12df3c196a86','4a8a0296-43d8-43a4-bca2-0ba95a9ef768',35,'brewing',10),(44,'2020-12-30 00:48:40','5e84b35f-1a48-4eb2-90ad-12df3c196a86','4a8a0296-43d8-43a4-bca2-0ba95a9ef768',35,'casting',20),(45,'2020-12-30 02:48:18','533d2431-c250-48ef-b3a4-0d37dc065509','676c5d9a-4829-4446-a4fc-9cb31a66c451',8,'casting',10),(46,'2020-12-30 02:48:31','533d2431-c250-48ef-b3a4-0d37dc065509','4a8a0296-43d8-43a4-bca2-0ba95a9ef768',35,'casting',10),(47,'2020-12-30 02:49:17','533d2431-c250-48ef-b3a4-0d37dc065509','5e84b35f-1a48-4eb2-90ad-12df3c196a86',17,'casting',10),(48,'2020-12-30 02:49:27','533d2431-c250-48ef-b3a4-0d37dc065509','31eea0b8-fe04-4a82-aca0-828fea363f72',33,'casting',10),(49,'2021-01-17 23:57:47','676c5d9a-4829-4446-a4fc-9cb31a66c451','676c5d9a-4829-4446-a4fc-9cb31a66c451',8,'transfiguration',10),(50,'2021-01-24 02:55:47','676c5d9a-4829-4446-a4fc-9cb31a66c451','ff3493ba-76b9-403a-b301-cba1421ed36f',38,'brewing',280),(51,'2021-01-24 02:55:56','676c5d9a-4829-4446-a4fc-9cb31a66c451','ff3493ba-76b9-403a-b301-cba1421ed36f',38,'casting',280),(52,'2021-01-24 02:56:03','676c5d9a-4829-4446-a4fc-9cb31a66c451','ff3493ba-76b9-403a-b301-cba1421ed36f',38,'transfiguration',280),(53,'2021-01-24 02:56:24','676c5d9a-4829-4446-a4fc-9cb31a66c451','676c5d9a-4829-4446-a4fc-9cb31a66c451',8,'brewing',25),(54,'2021-01-24 02:57:18','676c5d9a-4829-4446-a4fc-9cb31a66c451','ff3493ba-76b9-403a-b301-cba1421ed36f',38,'brewing',30),(55,'2021-01-24 02:57:25','676c5d9a-4829-4446-a4fc-9cb31a66c451','ff3493ba-76b9-403a-b301-cba1421ed36f',38,'casting',30),(56,'2021-01-24 02:57:34','676c5d9a-4829-4446-a4fc-9cb31a66c451','ff3493ba-76b9-403a-b301-cba1421ed36f',38,'transfiguration',30),(57,'2021-01-25 00:11:03','676c5d9a-4829-4446-a4fc-9cb31a66c451','ff3493ba-76b9-403a-b301-cba1421ed36f',38,'casting',10),(58,'2021-02-02 00:42:04','676c5d9a-4829-4446-a4fc-9cb31a66c451','bc8c1ab5-4f4d-439f-8246-03d9eb74c2f7',44,'brewing',210),(59,'2021-02-02 00:42:13','676c5d9a-4829-4446-a4fc-9cb31a66c451','bc8c1ab5-4f4d-439f-8246-03d9eb74c2f7',44,'transfiguration',210),(60,'2021-02-02 00:42:22','676c5d9a-4829-4446-a4fc-9cb31a66c451','bc8c1ab5-4f4d-439f-8246-03d9eb74c2f7',44,'casting',150),(61,'2021-02-02 00:51:10','676c5d9a-4829-4446-a4fc-9cb31a66c451','bc8c1ab5-4f4d-439f-8246-03d9eb74c2f7',44,'brewing',-70),(62,'2021-02-02 00:51:23','676c5d9a-4829-4446-a4fc-9cb31a66c451','bc8c1ab5-4f4d-439f-8246-03d9eb74c2f7',44,'transfiguration',-60),(63,'2021-02-02 00:51:42','676c5d9a-4829-4446-a4fc-9cb31a66c451','bc8c1ab5-4f4d-439f-8246-03d9eb74c2f7',44,'transfiguration',60),(64,'2021-02-02 00:51:50','676c5d9a-4829-4446-a4fc-9cb31a66c451','bc8c1ab5-4f4d-439f-8246-03d9eb74c2f7',44,'brewing',70),(65,'2021-02-03 00:11:01','676c5d9a-4829-4446-a4fc-9cb31a66c451','f14dd745-df8b-457c-87e3-f51de67f2431',43,'brewing',550),(66,'2021-02-03 00:11:08','676c5d9a-4829-4446-a4fc-9cb31a66c451','f14dd745-df8b-457c-87e3-f51de67f2431',43,'casting',550),(67,'2021-02-03 00:11:15','676c5d9a-4829-4446-a4fc-9cb31a66c451','f14dd745-df8b-457c-87e3-f51de67f2431',43,'transfiguration',550),(68,'2021-02-04 02:36:54','676c5d9a-4829-4446-a4fc-9cb31a66c451','6b3b479f-b437-4d9f-a6bd-2d50f1108b3d',46,'brewing',150),(69,'2021-02-04 02:37:02','676c5d9a-4829-4446-a4fc-9cb31a66c451','6b3b479f-b437-4d9f-a6bd-2d50f1108b3d',46,'casting',150),(70,'2021-02-04 02:37:11','676c5d9a-4829-4446-a4fc-9cb31a66c451','6b3b479f-b437-4d9f-a6bd-2d50f1108b3d',46,'transfiguration',150),(71,'2021-02-09 00:43:23','676c5d9a-4829-4446-a4fc-9cb31a66c451','db83dfa2-101f-40ec-8e89-c0863b851417',49,'brewing',210),(72,'2021-02-09 00:43:31','676c5d9a-4829-4446-a4fc-9cb31a66c451','db83dfa2-101f-40ec-8e89-c0863b851417',49,'casting',210),(73,'2021-02-09 00:43:39','676c5d9a-4829-4446-a4fc-9cb31a66c451','db83dfa2-101f-40ec-8e89-c0863b851417',49,'transfiguration',150),(74,'2021-02-11 00:34:49','676c5d9a-4829-4446-a4fc-9cb31a66c451','9b30875b-6c19-4c30-995d-95031792f18a',51,'casting',210),(75,'2021-02-11 00:34:59','676c5d9a-4829-4446-a4fc-9cb31a66c451','9b30875b-6c19-4c30-995d-95031792f18a',51,'transfiguration',210),(76,'2021-02-11 00:35:12','676c5d9a-4829-4446-a4fc-9cb31a66c451','9b30875b-6c19-4c30-995d-95031792f18a',51,'brewing',150),(77,'2021-02-11 23:41:01','676c5d9a-4829-4446-a4fc-9cb31a66c451','676c5d9a-4829-4446-a4fc-9cb31a66c451',52,'brewing',600),(78,'2021-02-11 23:41:10','676c5d9a-4829-4446-a4fc-9cb31a66c451','676c5d9a-4829-4446-a4fc-9cb31a66c451',52,'casting',600),(79,'2021-02-11 23:41:18','676c5d9a-4829-4446-a4fc-9cb31a66c451','676c5d9a-4829-4446-a4fc-9cb31a66c451',52,'transfiguration',600),(80,'2021-02-15 16:31:21','5e84b35f-1a48-4eb2-90ad-12df3c196a86','609ea97b-cc6a-44d2-a927-e3f5edec816b',56,'brewing',210),(81,'2021-02-15 16:31:36','5e84b35f-1a48-4eb2-90ad-12df3c196a86','609ea97b-cc6a-44d2-a927-e3f5edec816b',56,'casting',210),(82,'2021-02-15 16:31:46','5e84b35f-1a48-4eb2-90ad-12df3c196a86','609ea97b-cc6a-44d2-a927-e3f5edec816b',56,'transfiguration',210),(83,'2021-02-15 16:32:35','5e84b35f-1a48-4eb2-90ad-12df3c196a86','609ea97b-cc6a-44d2-a927-e3f5edec816b',56,'brewing',70),(84,'2021-02-15 16:32:44','5e84b35f-1a48-4eb2-90ad-12df3c196a86','609ea97b-cc6a-44d2-a927-e3f5edec816b',56,'casting',70),(85,'2021-02-15 16:36:31','5e84b35f-1a48-4eb2-90ad-12df3c196a86','39f4f61e-0d08-45c3-a184-c1d899d5c520',55,'brewing',210),(86,'2021-02-15 16:37:18','5e84b35f-1a48-4eb2-90ad-12df3c196a86','39f4f61e-0d08-45c3-a184-c1d899d5c520',55,'casting',210),(87,'2021-02-15 16:37:26','5e84b35f-1a48-4eb2-90ad-12df3c196a86','39f4f61e-0d08-45c3-a184-c1d899d5c520',55,'transfiguration',150),(88,'2021-02-15 16:44:55','5e84b35f-1a48-4eb2-90ad-12df3c196a86','ae2fde34-0275-4bcf-ab8a-96526945802a',57,'brewing',150),(89,'2021-02-15 16:45:08','5e84b35f-1a48-4eb2-90ad-12df3c196a86','ae2fde34-0275-4bcf-ab8a-96526945802a',57,'casting',150),(90,'2021-02-15 16:45:27','5e84b35f-1a48-4eb2-90ad-12df3c196a86','ae2fde34-0275-4bcf-ab8a-96526945802a',57,'casting',60),(91,'2021-02-15 16:45:38','5e84b35f-1a48-4eb2-90ad-12df3c196a86','ae2fde34-0275-4bcf-ab8a-96526945802a',57,'transfiguration',210),(92,'2021-02-17 01:08:19','676c5d9a-4829-4446-a4fc-9cb31a66c451','81dc3b8f-a180-4715-b5b6-126828346ee0',62,'brewing',210),(93,'2021-02-17 01:08:25','676c5d9a-4829-4446-a4fc-9cb31a66c451','81dc3b8f-a180-4715-b5b6-126828346ee0',62,'casting',210),(94,'2021-02-17 01:08:33','676c5d9a-4829-4446-a4fc-9cb31a66c451','81dc3b8f-a180-4715-b5b6-126828346ee0',62,'transfiguration',210),(95,'2021-02-17 01:22:24','676c5d9a-4829-4446-a4fc-9cb31a66c451','81dc3b8f-a180-4715-b5b6-126828346ee0',62,'brewing',70),(96,'2021-02-17 01:22:31','676c5d9a-4829-4446-a4fc-9cb31a66c451','81dc3b8f-a180-4715-b5b6-126828346ee0',62,'casting',70),(97,'2021-02-19 21:49:14','5e84b35f-1a48-4eb2-90ad-12df3c196a86','2189c2f0-a57c-4bb4-a934-1a7fa2b4b0b8',64,'brewing',210),(98,'2021-02-19 21:49:24','5e84b35f-1a48-4eb2-90ad-12df3c196a86','2189c2f0-a57c-4bb4-a934-1a7fa2b4b0b8',64,'casting',210),(99,'2021-02-19 21:49:35','5e84b35f-1a48-4eb2-90ad-12df3c196a86','2189c2f0-a57c-4bb4-a934-1a7fa2b4b0b8',64,'transfiguration',150),(100,'2021-02-20 01:29:32','5e84b35f-1a48-4eb2-90ad-12df3c196a86','ca5d15bc-13e0-4638-ac85-6b68a0c9294f',66,'brewing',150),(101,'2021-02-20 01:29:51','5e84b35f-1a48-4eb2-90ad-12df3c196a86','ca5d15bc-13e0-4638-ac85-6b68a0c9294f',66,'casting',210),(102,'2021-02-20 01:29:59','5e84b35f-1a48-4eb2-90ad-12df3c196a86','ca5d15bc-13e0-4638-ac85-6b68a0c9294f',66,'transfiguration',210),(103,'2021-02-20 02:01:58','5e84b35f-1a48-4eb2-90ad-12df3c196a86','c9c9ef8c-99b0-46e5-bdf5-95787fb5b353',68,'brewing',150),(104,'2021-02-20 02:02:09','5e84b35f-1a48-4eb2-90ad-12df3c196a86','c9c9ef8c-99b0-46e5-bdf5-95787fb5b353',68,'casting',150),(105,'2021-02-20 02:02:19','5e84b35f-1a48-4eb2-90ad-12df3c196a86','c9c9ef8c-99b0-46e5-bdf5-95787fb5b353',68,'transfiguration',150),(106,'2021-02-23 23:03:09','676c5d9a-4829-4446-a4fc-9cb31a66c451','609ea97b-cc6a-44d2-a927-e3f5edec816b',56,'casting',10),(107,'2021-02-23 23:04:25','676c5d9a-4829-4446-a4fc-9cb31a66c451','bc8c1ab5-4f4d-439f-8246-03d9eb74c2f7',44,'casting',10),(108,'2021-02-23 23:04:38','676c5d9a-4829-4446-a4fc-9cb31a66c451','ae2fde34-0275-4bcf-ab8a-96526945802a',57,'casting',10),(109,'2021-02-23 23:04:53','676c5d9a-4829-4446-a4fc-9cb31a66c451','5e84b35f-1a48-4eb2-90ad-12df3c196a86',17,'casting',10),(110,'2021-02-23 23:05:12','676c5d9a-4829-4446-a4fc-9cb31a66c451','ca5d15bc-13e0-4638-ac85-6b68a0c9294f',66,'casting',10),(111,'2021-02-27 03:54:39','676c5d9a-4829-4446-a4fc-9cb31a66c451','fdf5746a-e891-4418-b31d-306867f3e354',69,'casting',290),(112,'2021-02-27 03:54:47','676c5d9a-4829-4446-a4fc-9cb31a66c451','fdf5746a-e891-4418-b31d-306867f3e354',69,'brewing',210),(113,'2021-02-27 03:54:57','676c5d9a-4829-4446-a4fc-9cb31a66c451','fdf5746a-e891-4418-b31d-306867f3e354',69,'transfiguration',210),(114,'2021-02-28 03:55:53','676c5d9a-4829-4446-a4fc-9cb31a66c451','e3440745-0e5c-4cce-81b7-a6b34a5b5739',70,'brewing',600),(115,'2021-02-28 03:56:00','676c5d9a-4829-4446-a4fc-9cb31a66c451','e3440745-0e5c-4cce-81b7-a6b34a5b5739',70,'casting',600),(116,'2021-02-28 03:56:19','676c5d9a-4829-4446-a4fc-9cb31a66c451','e3440745-0e5c-4cce-81b7-a6b34a5b5739',70,'transfiguration',600),(117,'2021-02-28 03:59:10','676c5d9a-4829-4446-a4fc-9cb31a66c451','e3440745-0e5c-4cce-81b7-a6b34a5b5739',71,'brewing',600),(118,'2021-02-28 03:59:18','676c5d9a-4829-4446-a4fc-9cb31a66c451','e3440745-0e5c-4cce-81b7-a6b34a5b5739',71,'casting',600),(119,'2021-02-28 03:59:26','676c5d9a-4829-4446-a4fc-9cb31a66c451','e3440745-0e5c-4cce-81b7-a6b34a5b5739',71,'transfiguration',600),(120,'2021-03-06 22:11:13','676c5d9a-4829-4446-a4fc-9cb31a66c451','676c5d9a-4829-4446-a4fc-9cb31a66c451',72,'transfiguration',280),(121,'2021-03-06 22:11:24','676c5d9a-4829-4446-a4fc-9cb31a66c451','676c5d9a-4829-4446-a4fc-9cb31a66c451',72,'brewing',230),(122,'2021-03-06 22:11:35','676c5d9a-4829-4446-a4fc-9cb31a66c451','676c5d9a-4829-4446-a4fc-9cb31a66c451',72,'casting',210),(123,'2021-03-06 22:11:44','676c5d9a-4829-4446-a4fc-9cb31a66c451','676c5d9a-4829-4446-a4fc-9cb31a66c451',72,'casting',20),(124,'2021-03-07 18:46:57','533d2431-c250-48ef-b3a4-0d37dc065509','533d2431-c250-48ef-b3a4-0d37dc065509',73,'brewing',302),(125,'2021-03-07 18:47:06','533d2431-c250-48ef-b3a4-0d37dc065509','533d2431-c250-48ef-b3a4-0d37dc065509',73,'casting',280),(126,'2021-03-07 18:47:17','533d2431-c250-48ef-b3a4-0d37dc065509','533d2431-c250-48ef-b3a4-0d37dc065509',73,'transfiguration',250),(127,'2021-03-09 22:00:10','676c5d9a-4829-4446-a4fc-9cb31a66c451','ca74d8f1-1880-44fa-a703-255ba7612dd6',74,'brewing',360),(128,'2021-03-09 22:00:17','676c5d9a-4829-4446-a4fc-9cb31a66c451','ca74d8f1-1880-44fa-a703-255ba7612dd6',74,'casting',360),(129,'2021-03-09 22:00:30','676c5d9a-4829-4446-a4fc-9cb31a66c451','ca74d8f1-1880-44fa-a703-255ba7612dd6',74,'transfiguration',360),(130,'2021-03-10 16:44:26','676c5d9a-4829-4446-a4fc-9cb31a66c451','77e7c657-3fe4-48ca-8b20-0d9231e1255d',76,'brewing',550),(131,'2021-03-10 16:44:33','676c5d9a-4829-4446-a4fc-9cb31a66c451','77e7c657-3fe4-48ca-8b20-0d9231e1255d',76,'casting',550),(132,'2021-03-10 16:44:41','676c5d9a-4829-4446-a4fc-9cb31a66c451','77e7c657-3fe4-48ca-8b20-0d9231e1255d',76,'transfiguration',550),(133,'2021-03-10 16:45:10','676c5d9a-4829-4446-a4fc-9cb31a66c451','77e7c657-3fe4-48ca-8b20-0d9231e1255d',77,'brewing',550),(134,'2021-03-10 16:45:16','676c5d9a-4829-4446-a4fc-9cb31a66c451','77e7c657-3fe4-48ca-8b20-0d9231e1255d',77,'casting',550),(135,'2021-03-10 16:45:23','676c5d9a-4829-4446-a4fc-9cb31a66c451','77e7c657-3fe4-48ca-8b20-0d9231e1255d',77,'transfiguration',550),(136,'2021-03-11 01:15:09','5e84b35f-1a48-4eb2-90ad-12df3c196a86','f71fb3c6-e7b6-4ace-8b5c-729239fbea05',79,'brewing',210),(137,'2021-03-11 01:15:33','5e84b35f-1a48-4eb2-90ad-12df3c196a86','f71fb3c6-e7b6-4ace-8b5c-729239fbea05',79,'casting',280),(138,'2021-03-11 01:15:41','5e84b35f-1a48-4eb2-90ad-12df3c196a86','f71fb3c6-e7b6-4ace-8b5c-729239fbea05',79,'transfiguration',280),(139,'2021-03-11 01:28:30','5e84b35f-1a48-4eb2-90ad-12df3c196a86','f71fb3c6-e7b6-4ace-8b5c-729239fbea05',80,'brewing',210),(140,'2021-03-11 01:28:48','5e84b35f-1a48-4eb2-90ad-12df3c196a86','f71fb3c6-e7b6-4ace-8b5c-729239fbea05',80,'casting',280),(141,'2021-03-11 01:28:58','5e84b35f-1a48-4eb2-90ad-12df3c196a86','f71fb3c6-e7b6-4ace-8b5c-729239fbea05',80,'transfiguration',280),(142,'2021-03-11 19:01:57','676c5d9a-4829-4446-a4fc-9cb31a66c451','0c9fbc01-e94b-4f88-829d-82e393d46153',82,'transfiguration',150),(143,'2021-03-11 19:02:07','676c5d9a-4829-4446-a4fc-9cb31a66c451','0c9fbc01-e94b-4f88-829d-82e393d46153',82,'brewing',210),(144,'2021-03-11 19:02:14','676c5d9a-4829-4446-a4fc-9cb31a66c451','0c9fbc01-e94b-4f88-829d-82e393d46153',82,'casting',210),(145,'2021-03-13 05:13:03','676c5d9a-4829-4446-a4fc-9cb31a66c451','cb564a81-0556-44c0-ae07-3e92b3d7bcbc',84,'casting',210),(146,'2021-03-13 05:13:15','676c5d9a-4829-4446-a4fc-9cb31a66c451','cb564a81-0556-44c0-ae07-3e92b3d7bcbc',84,'transfiguration',210),(147,'2021-03-13 05:13:22','676c5d9a-4829-4446-a4fc-9cb31a66c451','cb564a81-0556-44c0-ae07-3e92b3d7bcbc',84,'brewing',150),(148,'2021-03-23 22:05:07','533d2431-c250-48ef-b3a4-0d37dc065509','bc8c1ab5-4f4d-439f-8246-03d9eb74c2f7',44,'casting',5),(149,'2021-03-30 02:04:04','5e84b35f-1a48-4eb2-90ad-12df3c196a86','17c6fdcc-e932-42a5-8374-54c04a419a5e',87,'brewing',150),(150,'2021-03-30 02:04:13','5e84b35f-1a48-4eb2-90ad-12df3c196a86','17c6fdcc-e932-42a5-8374-54c04a419a5e',87,'casting',150),(151,'2021-03-30 02:04:23','5e84b35f-1a48-4eb2-90ad-12df3c196a86','17c6fdcc-e932-42a5-8374-54c04a419a5e',87,'transfiguration',150),(152,'2021-04-04 03:34:13','676c5d9a-4829-4446-a4fc-9cb31a66c451','2d09cc73-dfc7-41a6-aa5b-237f76021e2a',89,'brewing',150),(153,'2021-04-04 03:34:20','676c5d9a-4829-4446-a4fc-9cb31a66c451','2d09cc73-dfc7-41a6-aa5b-237f76021e2a',89,'casting',150),(154,'2021-04-04 03:34:26','676c5d9a-4829-4446-a4fc-9cb31a66c451','2d09cc73-dfc7-41a6-aa5b-237f76021e2a',89,'transfiguration',150),(155,'2021-05-02 00:46:07','5e84b35f-1a48-4eb2-90ad-12df3c196a86','5d9861c7-5869-462e-9e24-1dc3aa49fca6',91,'brewing',280),(156,'2021-05-02 00:46:21','5e84b35f-1a48-4eb2-90ad-12df3c196a86','5d9861c7-5869-462e-9e24-1dc3aa49fca6',91,'casting',280),(157,'2021-05-02 00:46:29','5e84b35f-1a48-4eb2-90ad-12df3c196a86','5d9861c7-5869-462e-9e24-1dc3aa49fca6',91,'transfiguration',280),(158,'2021-05-02 14:58:50','5e84b35f-1a48-4eb2-90ad-12df3c196a86','5e84b35f-1a48-4eb2-90ad-12df3c196a86',15,'brewing',200),(159,'2021-05-02 14:59:03','5e84b35f-1a48-4eb2-90ad-12df3c196a86','5e84b35f-1a48-4eb2-90ad-12df3c196a86',15,'casting',200),(160,'2021-05-02 14:59:14','5e84b35f-1a48-4eb2-90ad-12df3c196a86','5e84b35f-1a48-4eb2-90ad-12df3c196a86',15,'transfiguration',200),(161,'2021-05-07 00:53:03','5e84b35f-1a48-4eb2-90ad-12df3c196a86','676c5d9a-4829-4446-a4fc-9cb31a66c451',8,'casting',10),(162,'2021-05-07 00:53:24','5e84b35f-1a48-4eb2-90ad-12df3c196a86','1844ce6f-2ffb-4216-8b0e-334ff730720b',32,'casting',10),(163,'2021-06-18 18:20:07','676c5d9a-4829-4446-a4fc-9cb31a66c451','a43f51bf-7f2c-4a26-ab31-5efe3be6829d',95,'brewing',150),(164,'2021-06-18 18:20:14','676c5d9a-4829-4446-a4fc-9cb31a66c451','a43f51bf-7f2c-4a26-ab31-5efe3be6829d',95,'casting',150),(165,'2021-06-18 18:20:22','676c5d9a-4829-4446-a4fc-9cb31a66c451','a43f51bf-7f2c-4a26-ab31-5efe3be6829d',95,'transfiguration',150),(166,'2021-06-19 19:25:50','676c5d9a-4829-4446-a4fc-9cb31a66c451','87b22ef1-0f2f-4e29-89b9-bed6c443d958',96,'brewing',1000),(167,'2021-06-19 19:25:58','676c5d9a-4829-4446-a4fc-9cb31a66c451','87b22ef1-0f2f-4e29-89b9-bed6c443d958',96,'casting',1000),(168,'2021-06-19 19:26:06','676c5d9a-4829-4446-a4fc-9cb31a66c451','87b22ef1-0f2f-4e29-89b9-bed6c443d958',96,'transfiguration',1000),(169,'2021-06-19 21:43:16','533d2431-c250-48ef-b3a4-0d37dc065509','533d2431-c250-48ef-b3a4-0d37dc065509',26,'brewing',400),(170,'2021-06-19 21:43:32','533d2431-c250-48ef-b3a4-0d37dc065509','533d2431-c250-48ef-b3a4-0d37dc065509',26,'casting',400),(171,'2021-06-19 21:43:39','533d2431-c250-48ef-b3a4-0d37dc065509','533d2431-c250-48ef-b3a4-0d37dc065509',26,'transfiguration',400),(172,'2021-06-19 21:43:55','533d2431-c250-48ef-b3a4-0d37dc065509','533d2431-c250-48ef-b3a4-0d37dc065509',26,'brewing',-250),(173,'2021-06-19 21:44:06','533d2431-c250-48ef-b3a4-0d37dc065509','533d2431-c250-48ef-b3a4-0d37dc065509',26,'casting',-250),(174,'2021-06-19 21:44:17','533d2431-c250-48ef-b3a4-0d37dc065509','533d2431-c250-48ef-b3a4-0d37dc065509',26,'transfiguration',-250),(175,'2021-06-22 16:44:22','676c5d9a-4829-4446-a4fc-9cb31a66c451','12309200-8b89-42ef-b9e2-374c6417e005',97,'brewing',150),(176,'2021-06-22 16:44:36','676c5d9a-4829-4446-a4fc-9cb31a66c451','12309200-8b89-42ef-b9e2-374c6417e005',97,'casting',210),(177,'2021-06-22 16:44:48','676c5d9a-4829-4446-a4fc-9cb31a66c451','12309200-8b89-42ef-b9e2-374c6417e005',97,'transfiguration',210),(178,'2021-09-28 02:53:00','676c5d9a-4829-4446-a4fc-9cb31a66c451','c8562ff7-5f0c-45b9-ab63-24ffc6ad4ac6',98,'brewing',550),(179,'2021-09-28 02:53:07','676c5d9a-4829-4446-a4fc-9cb31a66c451','c8562ff7-5f0c-45b9-ab63-24ffc6ad4ac6',98,'casting',550),(180,'2021-09-28 02:53:14','676c5d9a-4829-4446-a4fc-9cb31a66c451','c8562ff7-5f0c-45b9-ab63-24ffc6ad4ac6',98,'transfiguration',550),(181,'2021-10-22 03:10:21','676c5d9a-4829-4446-a4fc-9cb31a66c451','b6adc689-9a55-4b0e-82ec-c868be7a2be5',99,'brewing',550),(182,'2021-10-22 03:10:32','676c5d9a-4829-4446-a4fc-9cb31a66c451','b6adc689-9a55-4b0e-82ec-c868be7a2be5',99,'casting',550),(183,'2021-10-22 03:10:47','676c5d9a-4829-4446-a4fc-9cb31a66c451','b6adc689-9a55-4b0e-82ec-c868be7a2be5',99,'transfiguration',550),(184,'2022-01-09 14:24:29','676c5d9a-4829-4446-a4fc-9cb31a66c451','a64d7202-d6db-45af-b3a8-765002f3ca33',101,'brewing',500),(185,'2022-01-09 14:24:37','676c5d9a-4829-4446-a4fc-9cb31a66c451','a64d7202-d6db-45af-b3a8-765002f3ca33',101,'casting',500),(186,'2022-01-09 14:24:48','676c5d9a-4829-4446-a4fc-9cb31a66c451','a64d7202-d6db-45af-b3a8-765002f3ca33',101,'transfiguration',500),(187,'2022-01-09 14:28:14','676c5d9a-4829-4446-a4fc-9cb31a66c451','74af683f-5904-465e-9572-acf3caa5d22c',102,'brewing',500),(188,'2022-01-09 14:28:22','676c5d9a-4829-4446-a4fc-9cb31a66c451','74af683f-5904-465e-9572-acf3caa5d22c',102,'casting',500),(189,'2022-01-09 14:28:31','676c5d9a-4829-4446-a4fc-9cb31a66c451','74af683f-5904-465e-9572-acf3caa5d22c',102,'transfiguration',500),(190,'2022-01-11 20:57:32','676c5d9a-4829-4446-a4fc-9cb31a66c451','676c5d9a-4829-4446-a4fc-9cb31a66c451',103,'brewing',600),(191,'2022-01-11 20:57:53','676c5d9a-4829-4446-a4fc-9cb31a66c451','676c5d9a-4829-4446-a4fc-9cb31a66c451',103,'transfiguration',600),(192,'2022-01-11 20:58:01','676c5d9a-4829-4446-a4fc-9cb31a66c451','676c5d9a-4829-4446-a4fc-9cb31a66c451',103,'casting',600),(193,'2022-01-13 09:59:05','676c5d9a-4829-4446-a4fc-9cb31a66c451','74af683f-5904-465e-9572-acf3caa5d22c',102,'brewing',20),(194,'2022-01-13 10:02:28','676c5d9a-4829-4446-a4fc-9cb31a66c451','74af683f-5904-465e-9572-acf3caa5d22c',102,'brewing',30),(195,'2022-01-13 10:04:13','676c5d9a-4829-4446-a4fc-9cb31a66c451','74af683f-5904-465e-9572-acf3caa5d22c',102,'brewing',-50),(196,'2022-01-13 11:57:53','74af683f-5904-465e-9572-acf3caa5d22c','e1beb32f-eb81-44bf-b376-7795e8c6de8d',104,'brewing',210),(197,'2022-01-13 11:58:09','74af683f-5904-465e-9572-acf3caa5d22c','e1beb32f-eb81-44bf-b376-7795e8c6de8d',104,'casting',150),(198,'2022-01-13 11:58:22','74af683f-5904-465e-9572-acf3caa5d22c','e1beb32f-eb81-44bf-b376-7795e8c6de8d',104,'transfiguration',150),(199,'2022-01-13 12:21:46','74af683f-5904-465e-9572-acf3caa5d22c','e1beb32f-eb81-44bf-b376-7795e8c6de8d',105,'brewing',210),(200,'2022-01-13 12:22:01','74af683f-5904-465e-9572-acf3caa5d22c','e1beb32f-eb81-44bf-b376-7795e8c6de8d',105,'casting',150),(201,'2022-01-13 12:22:14','74af683f-5904-465e-9572-acf3caa5d22c','e1beb32f-eb81-44bf-b376-7795e8c6de8d',105,'transfiguration',150),(202,'2022-01-13 12:54:05','74af683f-5904-465e-9572-acf3caa5d22c','75b7436c-05b7-4ff8-8767-2d78289e2127',107,'brewing',550),(203,'2022-01-13 12:54:20','74af683f-5904-465e-9572-acf3caa5d22c','75b7436c-05b7-4ff8-8767-2d78289e2127',107,'casting',550),(204,'2022-01-13 12:54:32','74af683f-5904-465e-9572-acf3caa5d22c','75b7436c-05b7-4ff8-8767-2d78289e2127',107,'transfiguration',550),(205,'2022-01-13 13:48:43','74af683f-5904-465e-9572-acf3caa5d22c','0ac561d8-4067-4e90-b8c1-b31141c8de8f',109,'brewing',280),(206,'2022-01-13 13:49:06','74af683f-5904-465e-9572-acf3caa5d22c','0ac561d8-4067-4e90-b8c1-b31141c8de8f',109,'casting',280),(207,'2022-01-13 13:49:23','74af683f-5904-465e-9572-acf3caa5d22c','0ac561d8-4067-4e90-b8c1-b31141c8de8f',109,'transfiguration',210),(208,'2022-01-13 14:56:20','74af683f-5904-465e-9572-acf3caa5d22c','e9951d7e-b38f-43b5-93c9-595c83e8328f',111,'brewing',500),(209,'2022-01-13 14:56:31','74af683f-5904-465e-9572-acf3caa5d22c','e9951d7e-b38f-43b5-93c9-595c83e8328f',111,'casting',500),(210,'2022-01-13 14:56:48','74af683f-5904-465e-9572-acf3caa5d22c','e9951d7e-b38f-43b5-93c9-595c83e8328f',111,'transfiguration',500),(211,'2022-01-13 20:07:57','74af683f-5904-465e-9572-acf3caa5d22c','d8adddf6-0384-4ddb-ab60-304048e93c42',112,'brewing',475),(212,'2022-01-13 20:08:07','74af683f-5904-465e-9572-acf3caa5d22c','d8adddf6-0384-4ddb-ab60-304048e93c42',112,'casting',475),(213,'2022-01-13 20:08:18','74af683f-5904-465e-9572-acf3caa5d22c','d8adddf6-0384-4ddb-ab60-304048e93c42',112,'transfiguration',475),(214,'2022-01-13 21:28:38','74af683f-5904-465e-9572-acf3caa5d22c','f63d9827-623d-4ca2-85f1-fa2572d0ee08',114,'transfiguration',360),(215,'2022-01-13 21:28:56','74af683f-5904-465e-9572-acf3caa5d22c','f63d9827-623d-4ca2-85f1-fa2572d0ee08',114,'brewing',450),(216,'2022-01-13 21:29:08','74af683f-5904-465e-9572-acf3caa5d22c','f63d9827-623d-4ca2-85f1-fa2572d0ee08',114,'casting',450),(217,'2022-01-15 17:25:05','676c5d9a-4829-4446-a4fc-9cb31a66c451','fc722498-6cd8-4c38-a5f6-7b5f8d34f72a',11,'brewing',50),(218,'2022-01-15 17:25:15','676c5d9a-4829-4446-a4fc-9cb31a66c451','fc722498-6cd8-4c38-a5f6-7b5f8d34f72a',11,'casting',50),(219,'2022-01-15 17:25:24','676c5d9a-4829-4446-a4fc-9cb31a66c451','fc722498-6cd8-4c38-a5f6-7b5f8d34f72a',11,'transfiguration',50),(220,'2022-01-15 17:25:51','676c5d9a-4829-4446-a4fc-9cb31a66c451','676c5d9a-4829-4446-a4fc-9cb31a66c451',8,'brewing',50),(221,'2022-01-15 17:26:28','676c5d9a-4829-4446-a4fc-9cb31a66c451','676c5d9a-4829-4446-a4fc-9cb31a66c451',8,'casting',25),(222,'2022-01-22 20:03:22','74af683f-5904-465e-9572-acf3caa5d22c','4d10de4f-02b0-452a-b457-343ce34cb24a',116,'brewing',210),(223,'2022-01-22 20:03:38','74af683f-5904-465e-9572-acf3caa5d22c','4d10de4f-02b0-452a-b457-343ce34cb24a',116,'casting',280),(224,'2022-01-22 20:03:47','74af683f-5904-465e-9572-acf3caa5d22c','4d10de4f-02b0-452a-b457-343ce34cb24a',116,'transfiguration',280),(225,'2022-01-23 01:16:46','74af683f-5904-465e-9572-acf3caa5d22c','8c2a8bc7-f384-4e26-b9c7-d3b8d502f464',118,'brewing',500),(226,'2022-01-23 01:17:17','74af683f-5904-465e-9572-acf3caa5d22c','8c2a8bc7-f384-4e26-b9c7-d3b8d502f464',118,'casting',500),(227,'2022-01-23 01:17:27','74af683f-5904-465e-9572-acf3caa5d22c','8c2a8bc7-f384-4e26-b9c7-d3b8d502f464',118,'transfiguration',450),(228,'2022-01-23 13:29:39','676c5d9a-4829-4446-a4fc-9cb31a66c451','e931aa73-1aa5-45e6-881d-beebe9adc857',119,'brewing',500),(229,'2022-01-23 13:29:47','676c5d9a-4829-4446-a4fc-9cb31a66c451','e931aa73-1aa5-45e6-881d-beebe9adc857',119,'casting',500),(230,'2022-01-23 13:29:55','676c5d9a-4829-4446-a4fc-9cb31a66c451','e931aa73-1aa5-45e6-881d-beebe9adc857',119,'transfiguration',450),(231,'2022-01-23 14:39:43','676c5d9a-4829-4446-a4fc-9cb31a66c451','0650f871-85ed-4a5b-afe3-4d5f78cc1284',120,'brewing',450),(232,'2022-01-23 14:39:52','676c5d9a-4829-4446-a4fc-9cb31a66c451','0650f871-85ed-4a5b-afe3-4d5f78cc1284',120,'casting',450),(233,'2022-01-23 14:40:00','676c5d9a-4829-4446-a4fc-9cb31a66c451','0650f871-85ed-4a5b-afe3-4d5f78cc1284',120,'transfiguration',450),(234,'2022-01-23 14:41:12','676c5d9a-4829-4446-a4fc-9cb31a66c451','0650f871-85ed-4a5b-afe3-4d5f78cc1284',121,'brewing',450),(235,'2022-01-23 14:41:19','676c5d9a-4829-4446-a4fc-9cb31a66c451','0650f871-85ed-4a5b-afe3-4d5f78cc1284',121,'casting',450),(236,'2022-01-23 14:41:28','676c5d9a-4829-4446-a4fc-9cb31a66c451','0650f871-85ed-4a5b-afe3-4d5f78cc1284',121,'transfiguration',450),(237,'2022-01-26 21:30:48','74af683f-5904-465e-9572-acf3caa5d22c','9f4a59ad-aa28-49ce-ae4d-691eb63b153b',123,'brewing',280),(238,'2022-01-26 21:30:59','74af683f-5904-465e-9572-acf3caa5d22c','9f4a59ad-aa28-49ce-ae4d-691eb63b153b',123,'casting',280),(239,'2022-01-26 21:31:29','74af683f-5904-465e-9572-acf3caa5d22c','9f4a59ad-aa28-49ce-ae4d-691eb63b153b',123,'transfiguration',210),(240,'2022-01-26 21:37:08','74af683f-5904-465e-9572-acf3caa5d22c','4394978c-5847-4ea5-a099-1bd19615ff72',124,'casting',500),(241,'2022-01-26 21:37:30','74af683f-5904-465e-9572-acf3caa5d22c','4394978c-5847-4ea5-a099-1bd19615ff72',124,'brewing',450),(242,'2022-01-26 21:37:45','74af683f-5904-465e-9572-acf3caa5d22c','4394978c-5847-4ea5-a099-1bd19615ff72',124,'transfiguration',450),(243,'2022-01-26 21:46:45','74af683f-5904-465e-9572-acf3caa5d22c','23f83ee2-d471-4fac-921e-420e93c319fd',125,'brewing',210),(244,'2022-01-26 21:47:04','74af683f-5904-465e-9572-acf3caa5d22c','23f83ee2-d471-4fac-921e-420e93c319fd',125,'casting',150),(245,'2022-01-26 21:47:20','74af683f-5904-465e-9572-acf3caa5d22c','23f83ee2-d471-4fac-921e-420e93c319fd',125,'transfiguration',210),(246,'2022-01-27 13:03:33','74af683f-5904-465e-9572-acf3caa5d22c','9f09bb88-5496-4b5e-bed6-190be396515a',126,'brewing',150),(247,'2022-01-27 13:03:44','74af683f-5904-465e-9572-acf3caa5d22c','9f09bb88-5496-4b5e-bed6-190be396515a',126,'casting',210),(248,'2022-01-27 13:03:55','74af683f-5904-465e-9572-acf3caa5d22c','9f09bb88-5496-4b5e-bed6-190be396515a',126,'transfiguration',210),(249,'2022-01-28 18:05:48','676c5d9a-4829-4446-a4fc-9cb31a66c451','4d10de4f-02b0-452a-b457-343ce34cb24a',116,'casting',15),(250,'2022-01-28 18:05:55','676c5d9a-4829-4446-a4fc-9cb31a66c451','4d10de4f-02b0-452a-b457-343ce34cb24a',116,'transfiguration',5),(251,'2022-01-28 18:06:33','676c5d9a-4829-4446-a4fc-9cb31a66c451','0ac561d8-4067-4e90-b8c1-b31141c8de8f',109,'brewing',10),(252,'2022-01-28 18:06:41','676c5d9a-4829-4446-a4fc-9cb31a66c451','0ac561d8-4067-4e90-b8c1-b31141c8de8f',109,'casting',10),(253,'2022-01-28 21:18:12','676c5d9a-4829-4446-a4fc-9cb31a66c451','dc4e0e4e-d991-4409-b133-29052f67483f',127,'brewing',260),(254,'2022-01-28 21:18:23','676c5d9a-4829-4446-a4fc-9cb31a66c451','dc4e0e4e-d991-4409-b133-29052f67483f',127,'casting',260),(255,'2022-01-28 21:18:31','676c5d9a-4829-4446-a4fc-9cb31a66c451','dc4e0e4e-d991-4409-b133-29052f67483f',127,'transfiguration',310),(256,'2022-01-29 06:56:00','fc722498-6cd8-4c38-a5f6-7b5f8d34f72a','fe7b89fd-2fc4-47c8-a465-19d045e26242',128,'casting',20),(257,'2022-01-29 07:02:28','fc722498-6cd8-4c38-a5f6-7b5f8d34f72a','fe7b89fd-2fc4-47c8-a465-19d045e26242',128,'brewing',150),(258,'2022-01-29 07:02:50','fc722498-6cd8-4c38-a5f6-7b5f8d34f72a','fe7b89fd-2fc4-47c8-a465-19d045e26242',128,'transfiguration',150),(259,'2022-01-29 07:04:05','fc722498-6cd8-4c38-a5f6-7b5f8d34f72a','fe7b89fd-2fc4-47c8-a465-19d045e26242',128,'casting',190),(260,'2022-01-29 07:16:12','fc722498-6cd8-4c38-a5f6-7b5f8d34f72a','fe7b89fd-2fc4-47c8-a465-19d045e26242',128,'casting',20),(261,'2022-01-29 07:16:51','fc722498-6cd8-4c38-a5f6-7b5f8d34f72a','a220fd9c-81aa-4b5e-84bd-83ce879f6531',130,'brewing',360),(262,'2022-01-29 07:17:05','fc722498-6cd8-4c38-a5f6-7b5f8d34f72a','a220fd9c-81aa-4b5e-84bd-83ce879f6531',130,'casting',365),(263,'2022-01-29 07:19:47','fc722498-6cd8-4c38-a5f6-7b5f8d34f72a','a220fd9c-81aa-4b5e-84bd-83ce879f6531',130,'transfiguration',460),(264,'2022-01-29 07:19:59','fc722498-6cd8-4c38-a5f6-7b5f8d34f72a','a220fd9c-81aa-4b5e-84bd-83ce879f6531',130,'brewing',5),(265,'2022-01-29 19:46:15','676c5d9a-4829-4446-a4fc-9cb31a66c451','e931aa73-1aa5-45e6-881d-beebe9adc857',119,'transfiguration',10),(266,'2022-01-29 19:46:23','676c5d9a-4829-4446-a4fc-9cb31a66c451','e931aa73-1aa5-45e6-881d-beebe9adc857',119,'brewing',5),(267,'2022-01-29 19:46:31','676c5d9a-4829-4446-a4fc-9cb31a66c451','e931aa73-1aa5-45e6-881d-beebe9adc857',119,'casting',5),(268,'2022-01-30 15:28:21','676c5d9a-4829-4446-a4fc-9cb31a66c451','39f4f61e-0d08-45c3-a184-c1d899d5c520',133,'brewing',150),(269,'2022-01-30 15:28:29','676c5d9a-4829-4446-a4fc-9cb31a66c451','39f4f61e-0d08-45c3-a184-c1d899d5c520',133,'casting',210),(270,'2022-01-30 15:28:38','676c5d9a-4829-4446-a4fc-9cb31a66c451','39f4f61e-0d08-45c3-a184-c1d899d5c520',133,'transfiguration',210),(271,'2022-01-30 17:56:01','676c5d9a-4829-4446-a4fc-9cb31a66c451','ff3493ba-76b9-403a-b301-cba1421ed36f',37,'brewing',49),(272,'2022-01-30 17:56:18','676c5d9a-4829-4446-a4fc-9cb31a66c451','ff3493ba-76b9-403a-b301-cba1421ed36f',37,'brewing',310),(273,'2022-01-30 17:56:27','676c5d9a-4829-4446-a4fc-9cb31a66c451','ff3493ba-76b9-403a-b301-cba1421ed36f',37,'casting',360),(274,'2022-01-30 17:56:41','676c5d9a-4829-4446-a4fc-9cb31a66c451','ff3493ba-76b9-403a-b301-cba1421ed36f',37,'transfiguration',280),(275,'2022-01-30 18:00:48','676c5d9a-4829-4446-a4fc-9cb31a66c451','ff3493ba-76b9-403a-b301-cba1421ed36f',38,'brewing',49),(276,'2022-01-30 18:00:57','676c5d9a-4829-4446-a4fc-9cb31a66c451','ff3493ba-76b9-403a-b301-cba1421ed36f',38,'brewing',39),(277,'2022-01-30 18:01:14','676c5d9a-4829-4446-a4fc-9cb31a66c451','ff3493ba-76b9-403a-b301-cba1421ed36f',38,'brewing',-39),(278,'2022-01-30 18:01:21','676c5d9a-4829-4446-a4fc-9cb31a66c451','ff3493ba-76b9-403a-b301-cba1421ed36f',38,'casting',39),(279,'2022-01-31 17:46:14','74af683f-5904-465e-9572-acf3caa5d22c','69107701-a3cb-4d01-903c-72e160a34058',135,'brewing',280),(280,'2022-01-31 17:46:30','74af683f-5904-465e-9572-acf3caa5d22c','69107701-a3cb-4d01-903c-72e160a34058',135,'casting',210),(281,'2022-01-31 17:46:42','74af683f-5904-465e-9572-acf3caa5d22c','69107701-a3cb-4d01-903c-72e160a34058',135,'transfiguration',210),(282,'2022-02-02 17:49:59','74af683f-5904-465e-9572-acf3caa5d22c','c1fd57ba-faf1-4f31-9837-1adc1b5a0d61',136,'brewing',210),(283,'2022-02-02 17:50:11','74af683f-5904-465e-9572-acf3caa5d22c','c1fd57ba-faf1-4f31-9837-1adc1b5a0d61',136,'casting',150),(284,'2022-02-02 17:50:24','74af683f-5904-465e-9572-acf3caa5d22c','c1fd57ba-faf1-4f31-9837-1adc1b5a0d61',136,'transfiguration',150),(285,'2022-02-03 13:08:02','74af683f-5904-465e-9572-acf3caa5d22c','4295b389-77c9-4a2d-9e6f-5a6f287f13ee',137,'brewing',550),(286,'2022-02-03 13:08:16','74af683f-5904-465e-9572-acf3caa5d22c','4295b389-77c9-4a2d-9e6f-5a6f287f13ee',137,'casting',500),(287,'2022-02-03 13:08:36','74af683f-5904-465e-9572-acf3caa5d22c','4295b389-77c9-4a2d-9e6f-5a6f287f13ee',137,'transfiguration',500),(288,'2022-02-03 14:36:31','74af683f-5904-465e-9572-acf3caa5d22c','a3ae7867-ac9c-4556-875a-9b13552b8456',138,'brewing',550),(289,'2022-02-03 14:36:43','74af683f-5904-465e-9572-acf3caa5d22c','a3ae7867-ac9c-4556-875a-9b13552b8456',138,'casting',500),(290,'2022-02-03 14:36:55','74af683f-5904-465e-9572-acf3caa5d22c','a3ae7867-ac9c-4556-875a-9b13552b8456',138,'transfiguration',500),(291,'2022-02-04 20:13:05','676c5d9a-4829-4446-a4fc-9cb31a66c451','0ac561d8-4067-4e90-b8c1-b31141c8de8f',109,'brewing',20),(292,'2022-02-04 20:13:17','676c5d9a-4829-4446-a4fc-9cb31a66c451','69107701-a3cb-4d01-903c-72e160a34058',135,'brewing',20),(293,'2022-02-04 20:13:33','676c5d9a-4829-4446-a4fc-9cb31a66c451','c1fd57ba-faf1-4f31-9837-1adc1b5a0d61',136,'brewing',20),(294,'2022-02-04 20:13:44','676c5d9a-4829-4446-a4fc-9cb31a66c451','4d10de4f-02b0-452a-b457-343ce34cb24a',116,'brewing',20),(295,'2022-02-04 20:13:59','676c5d9a-4829-4446-a4fc-9cb31a66c451','e931aa73-1aa5-45e6-881d-beebe9adc857',119,'brewing',20),(296,'2022-02-04 20:14:16','676c5d9a-4829-4446-a4fc-9cb31a66c451','8c2a8bc7-f384-4e26-b9c7-d3b8d502f464',118,'brewing',20),(297,'2022-02-04 20:14:48','676c5d9a-4829-4446-a4fc-9cb31a66c451','fc722498-6cd8-4c38-a5f6-7b5f8d34f72a',11,'brewing',20),(298,'2022-02-08 16:14:21','74af683f-5904-465e-9572-acf3caa5d22c','114c7b9d-2dc1-4481-85fa-87e3549715a6',140,'brewing',150),(299,'2022-02-08 16:14:33','74af683f-5904-465e-9572-acf3caa5d22c','114c7b9d-2dc1-4481-85fa-87e3549715a6',140,'casting',150),(300,'2022-02-08 16:14:44','74af683f-5904-465e-9572-acf3caa5d22c','114c7b9d-2dc1-4481-85fa-87e3549715a6',140,'transfiguration',150),(301,'2022-02-11 15:07:15','74af683f-5904-465e-9572-acf3caa5d22c','1eb55a32-d094-48e1-ba58-3e485784df37',141,'brewing',500),(302,'2022-02-11 15:07:27','74af683f-5904-465e-9572-acf3caa5d22c','1eb55a32-d094-48e1-ba58-3e485784df37',141,'casting',550),(303,'2022-02-11 15:07:40','74af683f-5904-465e-9572-acf3caa5d22c','1eb55a32-d094-48e1-ba58-3e485784df37',141,'transfiguration',500),(304,'2022-02-11 16:18:52','74af683f-5904-465e-9572-acf3caa5d22c','8b32fd96-6cf0-40b3-8bb0-4c6497f22649',143,'brewing',280),(305,'2022-02-11 16:19:11','74af683f-5904-465e-9572-acf3caa5d22c','8b32fd96-6cf0-40b3-8bb0-4c6497f22649',143,'casting',280),(306,'2022-02-11 16:19:22','74af683f-5904-465e-9572-acf3caa5d22c','8b32fd96-6cf0-40b3-8bb0-4c6497f22649',143,'transfiguration',210),(307,'2022-02-12 22:40:11','a64d7202-d6db-45af-b3a8-765002f3ca33','4d10de4f-02b0-452a-b457-343ce34cb24a',116,'casting',10),(308,'2022-02-12 22:41:27','a64d7202-d6db-45af-b3a8-765002f3ca33','4394978c-5847-4ea5-a099-1bd19615ff72',124,'casting',10),(309,'2022-02-14 14:16:29','74af683f-5904-465e-9572-acf3caa5d22c','4e71fb2a-f1f2-4abd-a571-9b72a3768b98',144,'brewing',150),(310,'2022-02-14 14:16:44','74af683f-5904-465e-9572-acf3caa5d22c','4e71fb2a-f1f2-4abd-a571-9b72a3768b98',144,'casting',210),(311,'2022-02-14 14:16:56','74af683f-5904-465e-9572-acf3caa5d22c','4e71fb2a-f1f2-4abd-a571-9b72a3768b98',144,'transfiguration',210),(312,'2022-02-15 11:10:45','74af683f-5904-465e-9572-acf3caa5d22c','bf678fde-63d2-438d-abf5-eccac686af08',146,'casting',550),(313,'2022-02-15 11:10:58','74af683f-5904-465e-9572-acf3caa5d22c','bf678fde-63d2-438d-abf5-eccac686af08',146,'brewing',500),(314,'2022-02-21 22:20:24','74af683f-5904-465e-9572-acf3caa5d22c','a7bc64b7-3b74-4bbb-9ae3-3ae188933d37',148,'brewing',360),(315,'2022-02-21 22:20:38','74af683f-5904-465e-9572-acf3caa5d22c','a7bc64b7-3b74-4bbb-9ae3-3ae188933d37',148,'casting',360),(316,'2022-02-21 22:20:56','74af683f-5904-465e-9572-acf3caa5d22c','a7bc64b7-3b74-4bbb-9ae3-3ae188933d37',148,'transfiguration',280),(317,'2022-02-24 15:13:16','74af683f-5904-465e-9572-acf3caa5d22c','4e71fb2a-f1f2-4abd-a571-9b72a3768b98',150,'casting',210),(318,'2022-02-24 15:13:31','74af683f-5904-465e-9572-acf3caa5d22c','4e71fb2a-f1f2-4abd-a571-9b72a3768b98',150,'transfiguration',210),(319,'2022-02-24 15:13:45','74af683f-5904-465e-9572-acf3caa5d22c','4e71fb2a-f1f2-4abd-a571-9b72a3768b98',150,'brewing',150),(320,'2022-02-24 15:29:51','74af683f-5904-465e-9572-acf3caa5d22c','4b35068d-0ada-4e8c-bc3d-e8022e9fe10c',152,'brewing',210),(321,'2022-02-24 15:30:01','74af683f-5904-465e-9572-acf3caa5d22c','4b35068d-0ada-4e8c-bc3d-e8022e9fe10c',152,'casting',150),(322,'2022-02-24 15:30:13','74af683f-5904-465e-9572-acf3caa5d22c','4b35068d-0ada-4e8c-bc3d-e8022e9fe10c',152,'transfiguration',150),(323,'2022-02-27 22:13:15','74af683f-5904-465e-9572-acf3caa5d22c','30f9d9d4-0be2-4097-9ec0-930d84f0f843',154,'brewing',500),(324,'2022-02-27 22:13:24','74af683f-5904-465e-9572-acf3caa5d22c','30f9d9d4-0be2-4097-9ec0-930d84f0f843',154,'casting',550),(325,'2022-02-27 22:13:42','74af683f-5904-465e-9572-acf3caa5d22c','30f9d9d4-0be2-4097-9ec0-930d84f0f843',154,'transfiguration',550),(326,'2022-03-02 05:42:35','74af683f-5904-465e-9572-acf3caa5d22c','52369810-64e6-470e-a37b-8a874dee3570',156,'brewing',550),(327,'2022-03-02 05:42:48','74af683f-5904-465e-9572-acf3caa5d22c','52369810-64e6-470e-a37b-8a874dee3570',156,'casting',550),(328,'2022-03-02 05:42:56','74af683f-5904-465e-9572-acf3caa5d22c','52369810-64e6-470e-a37b-8a874dee3570',156,'transfiguration',500),(329,'2022-03-02 20:48:41','74af683f-5904-465e-9572-acf3caa5d22c','1eb55a32-d094-48e1-ba58-3e485784df37',141,'transfiguration',10),(330,'2022-03-02 21:25:46','74af683f-5904-465e-9572-acf3caa5d22c','4295b389-77c9-4a2d-9e6f-5a6f287f13ee',137,'casting',10),(331,'2022-03-03 06:41:37','74af683f-5904-465e-9572-acf3caa5d22c','4b35068d-0ada-4e8c-bc3d-e8022e9fe10c',152,'casting',10),(332,'2022-03-10 16:36:12','676c5d9a-4829-4446-a4fc-9cb31a66c451','3957e9bd-17ac-4ff6-aea4-090c333b02f3',158,'brewing',550),(333,'2022-03-10 16:36:19','676c5d9a-4829-4446-a4fc-9cb31a66c451','3957e9bd-17ac-4ff6-aea4-090c333b02f3',158,'casting',550),(334,'2022-03-10 16:36:26','676c5d9a-4829-4446-a4fc-9cb31a66c451','3957e9bd-17ac-4ff6-aea4-090c333b02f3',158,'transfiguration',550),(335,'2022-03-15 19:41:17','74af683f-5904-465e-9572-acf3caa5d22c','ed72b233-abd6-4357-97ea-07087a92e7e3',159,'brewing',150),(336,'2022-03-15 19:41:30','74af683f-5904-465e-9572-acf3caa5d22c','ed72b233-abd6-4357-97ea-07087a92e7e3',159,'casting',210),(337,'2022-03-15 19:41:49','74af683f-5904-465e-9572-acf3caa5d22c','ed72b233-abd6-4357-97ea-07087a92e7e3',159,'transfiguration',210),(338,'2022-03-16 13:50:07','74af683f-5904-465e-9572-acf3caa5d22c','4e71fb2a-f1f2-4abd-a571-9b72a3768b98',160,'brewing',500),(339,'2022-03-16 13:50:19','74af683f-5904-465e-9572-acf3caa5d22c','4e71fb2a-f1f2-4abd-a571-9b72a3768b98',160,'casting',550),(340,'2022-03-16 13:50:28','74af683f-5904-465e-9572-acf3caa5d22c','4e71fb2a-f1f2-4abd-a571-9b72a3768b98',160,'transfiguration',550),(341,'2022-03-17 13:39:31','74af683f-5904-465e-9572-acf3caa5d22c','0382aa36-7e34-4ccf-866d-b4efc091b49d',162,'casting',360),(342,'2022-03-17 13:39:51','74af683f-5904-465e-9572-acf3caa5d22c','0382aa36-7e34-4ccf-866d-b4efc091b49d',162,'brewing',280),(343,'2022-03-17 13:40:07','74af683f-5904-465e-9572-acf3caa5d22c','0382aa36-7e34-4ccf-866d-b4efc091b49d',162,'transfiguration',280),(344,'2022-03-17 22:10:44','74af683f-5904-465e-9572-acf3caa5d22c','b587053f-5f24-40de-af91-464a02c11497',164,'brewing',500),(345,'2022-03-17 22:10:56','74af683f-5904-465e-9572-acf3caa5d22c','b587053f-5f24-40de-af91-464a02c11497',164,'casting',500),(346,'2022-03-17 22:11:07','74af683f-5904-465e-9572-acf3caa5d22c','b587053f-5f24-40de-af91-464a02c11497',164,'transfiguration',500),(347,'2022-03-20 12:06:43','74af683f-5904-465e-9572-acf3caa5d22c','3bf7e4ac-55d1-4d0a-8bfd-7ede81d06b52',166,'brewing',210),(348,'2022-03-20 12:06:54','74af683f-5904-465e-9572-acf3caa5d22c','3bf7e4ac-55d1-4d0a-8bfd-7ede81d06b52',166,'casting',210),(349,'2022-03-20 12:07:07','74af683f-5904-465e-9572-acf3caa5d22c','3bf7e4ac-55d1-4d0a-8bfd-7ede81d06b52',166,'transfiguration',150),(350,'2022-03-31 13:35:27','74af683f-5904-465e-9572-acf3caa5d22c','114c7b9d-2dc1-4481-85fa-87e3549715a6',167,'casting',210),(351,'2022-03-31 13:35:49','74af683f-5904-465e-9572-acf3caa5d22c','114c7b9d-2dc1-4481-85fa-87e3549715a6',167,'brewing',150),(352,'2022-03-31 13:36:00','74af683f-5904-465e-9572-acf3caa5d22c','114c7b9d-2dc1-4481-85fa-87e3549715a6',167,'transfiguration',150),(353,'2022-04-18 10:03:54','74af683f-5904-465e-9572-acf3caa5d22c','1025b17a-3182-4163-b628-e5bad01dc57c',170,'casting',550),(354,'2022-04-18 10:04:05','74af683f-5904-465e-9572-acf3caa5d22c','1025b17a-3182-4163-b628-e5bad01dc57c',170,'brewing',500),(355,'2022-04-18 10:04:26','74af683f-5904-465e-9572-acf3caa5d22c','1025b17a-3182-4163-b628-e5bad01dc57c',170,'transfiguration',500),(356,'2022-04-19 10:18:31','74af683f-5904-465e-9572-acf3caa5d22c','e1beb32f-eb81-44bf-b376-7795e8c6de8d',171,'brewing',210),(357,'2022-04-19 10:18:42','74af683f-5904-465e-9572-acf3caa5d22c','e1beb32f-eb81-44bf-b376-7795e8c6de8d',171,'casting',210),(358,'2022-04-19 10:18:52','74af683f-5904-465e-9572-acf3caa5d22c','e1beb32f-eb81-44bf-b376-7795e8c6de8d',171,'transfiguration',150),(359,'2022-04-21 07:22:26','74af683f-5904-465e-9572-acf3caa5d22c','576c0281-3b4a-4234-a8cc-330983f9fbcc',173,'brewing',210),(360,'2022-04-21 07:22:42','74af683f-5904-465e-9572-acf3caa5d22c','576c0281-3b4a-4234-a8cc-330983f9fbcc',173,'casting',150),(361,'2022-04-21 07:22:50','74af683f-5904-465e-9572-acf3caa5d22c','576c0281-3b4a-4234-a8cc-330983f9fbcc',173,'transfiguration',210),(362,'2022-04-24 09:52:36','74af683f-5904-465e-9572-acf3caa5d22c','febb4759-bc84-4eee-9248-70a6144131de',175,'brewing',500),(363,'2022-04-24 09:52:57','74af683f-5904-465e-9572-acf3caa5d22c','febb4759-bc84-4eee-9248-70a6144131de',175,'transfiguration',500),(364,'2022-04-24 09:53:12','74af683f-5904-465e-9572-acf3caa5d22c','febb4759-bc84-4eee-9248-70a6144131de',175,'casting',500),(365,'2022-04-24 15:27:52','a64d7202-d6db-45af-b3a8-765002f3ca33','81170c3a-0e7b-4acb-a74f-023baf6faa07',177,'brewing',150),(366,'2022-04-24 15:28:05','a64d7202-d6db-45af-b3a8-765002f3ca33','81170c3a-0e7b-4acb-a74f-023baf6faa07',177,'casting',210),(367,'2022-04-24 15:28:18','a64d7202-d6db-45af-b3a8-765002f3ca33','81170c3a-0e7b-4acb-a74f-023baf6faa07',177,'transfiguration',210),(368,'2022-04-28 13:08:54','74af683f-5904-465e-9572-acf3caa5d22c','609ea97b-cc6a-44d2-a927-e3f5edec816b',168,'casting',210),(369,'2022-04-28 13:09:04','74af683f-5904-465e-9572-acf3caa5d22c','609ea97b-cc6a-44d2-a927-e3f5edec816b',168,'brewing',150),(370,'2022-04-28 13:09:13','74af683f-5904-465e-9572-acf3caa5d22c','609ea97b-cc6a-44d2-a927-e3f5edec816b',168,'transfiguration',150),(371,'2022-04-28 15:04:40','74af683f-5904-465e-9572-acf3caa5d22c','d2f6c46c-f965-4e2b-8c81-7ef1a24d8759',179,'brewing',100),(372,'2022-04-28 15:04:49','74af683f-5904-465e-9572-acf3caa5d22c','d2f6c46c-f965-4e2b-8c81-7ef1a24d8759',179,'casting',150),(373,'2022-04-28 15:05:01','74af683f-5904-465e-9572-acf3caa5d22c','d2f6c46c-f965-4e2b-8c81-7ef1a24d8759',179,'transfiguration',100),(374,'2022-05-24 15:36:28','74af683f-5904-465e-9572-acf3caa5d22c','e5f01bed-3abe-4e86-8e40-af4da8941e6e',181,'brewing',360),(375,'2022-05-24 15:36:44','74af683f-5904-465e-9572-acf3caa5d22c','e5f01bed-3abe-4e86-8e40-af4da8941e6e',181,'casting',360),(376,'2022-05-24 15:37:06','74af683f-5904-465e-9572-acf3caa5d22c','e5f01bed-3abe-4e86-8e40-af4da8941e6e',181,'transfiguration',280),(377,'2022-05-25 16:45:37','a64d7202-d6db-45af-b3a8-765002f3ca33','6ef3b041-cfe2-4665-867f-dcabbbff8892',183,'brewing',500),(378,'2022-05-25 16:45:51','a64d7202-d6db-45af-b3a8-765002f3ca33','6ef3b041-cfe2-4665-867f-dcabbbff8892',183,'casting',500),(379,'2022-05-25 16:46:03','a64d7202-d6db-45af-b3a8-765002f3ca33','6ef3b041-cfe2-4665-867f-dcabbbff8892',183,'transfiguration',500),(380,'2022-05-25 16:52:28','a64d7202-d6db-45af-b3a8-765002f3ca33','6ef3b041-cfe2-4665-867f-dcabbbff8892',183,'casting',50),(381,'2022-05-31 17:40:47','74af683f-5904-465e-9572-acf3caa5d22c','74abcee7-81da-4a7f-801f-267efb2f5598',185,'casting',100),(382,'2022-05-31 17:40:57','74af683f-5904-465e-9572-acf3caa5d22c','74abcee7-81da-4a7f-801f-267efb2f5598',185,'brewing',60),(383,'2022-05-31 17:41:06','74af683f-5904-465e-9572-acf3caa5d22c','74abcee7-81da-4a7f-801f-267efb2f5598',185,'transfiguration',100),(384,'2022-06-01 10:03:51','74af683f-5904-465e-9572-acf3caa5d22c','609ea97b-cc6a-44d2-a927-e3f5edec816b',186,'brewing',100),(385,'2022-06-01 10:04:08','74af683f-5904-465e-9572-acf3caa5d22c','609ea97b-cc6a-44d2-a927-e3f5edec816b',186,'transfiguration',100),(386,'2022-06-01 10:04:17','74af683f-5904-465e-9572-acf3caa5d22c','609ea97b-cc6a-44d2-a927-e3f5edec816b',186,'casting',60),(387,'2022-06-05 16:11:44','609ea97b-cc6a-44d2-a927-e3f5edec816b','46ff5cc1-f6da-4607-8bf6-e3ee0f268123',189,'brewing',500),(388,'2022-06-05 16:11:56','609ea97b-cc6a-44d2-a927-e3f5edec816b','46ff5cc1-f6da-4607-8bf6-e3ee0f268123',189,'casting',550),(389,'2022-06-05 16:12:06','609ea97b-cc6a-44d2-a927-e3f5edec816b','46ff5cc1-f6da-4607-8bf6-e3ee0f268123',189,'transfiguration',550),(390,'2022-06-05 16:12:52','609ea97b-cc6a-44d2-a927-e3f5edec816b','01713d6c-18fb-4bc9-b262-e5c02ae5cbbf',190,'brewing',550),(391,'2022-06-05 16:13:02','609ea97b-cc6a-44d2-a927-e3f5edec816b','01713d6c-18fb-4bc9-b262-e5c02ae5cbbf',190,'transfiguration',550),(392,'2022-06-05 16:13:12','609ea97b-cc6a-44d2-a927-e3f5edec816b','01713d6c-18fb-4bc9-b262-e5c02ae5cbbf',190,'casting',500),(393,'2022-06-05 19:56:24','676c5d9a-4829-4446-a4fc-9cb31a66c451','00845638-ae7e-4707-9651-2778dd01c666',191,'brewing',550),(394,'2022-06-05 19:56:32','676c5d9a-4829-4446-a4fc-9cb31a66c451','00845638-ae7e-4707-9651-2778dd01c666',191,'casting',550),(395,'2022-06-05 19:56:39','676c5d9a-4829-4446-a4fc-9cb31a66c451','00845638-ae7e-4707-9651-2778dd01c666',191,'transfiguration',550),(396,'2022-06-06 11:17:53','609ea97b-cc6a-44d2-a927-e3f5edec816b','5ab40cb2-1353-42ae-a9bc-e620492a4f14',193,'brewing',100),(397,'2022-06-06 11:18:04','609ea97b-cc6a-44d2-a927-e3f5edec816b','5ab40cb2-1353-42ae-a9bc-e620492a4f14',193,'casting',100),(398,'2022-06-06 11:18:20','609ea97b-cc6a-44d2-a927-e3f5edec816b','5ab40cb2-1353-42ae-a9bc-e620492a4f14',193,'transfiguration',60),(399,'2022-06-07 10:56:14','609ea97b-cc6a-44d2-a927-e3f5edec816b','3b507bed-f9e6-470e-abea-c4e7f24948b7',194,'brewing',500),(400,'2022-06-07 10:56:27','609ea97b-cc6a-44d2-a927-e3f5edec816b','3b507bed-f9e6-470e-abea-c4e7f24948b7',194,'casting',500),(401,'2022-06-07 10:56:39','609ea97b-cc6a-44d2-a927-e3f5edec816b','3b507bed-f9e6-470e-abea-c4e7f24948b7',194,'transfiguration',550),(402,'2022-06-08 02:54:17','609ea97b-cc6a-44d2-a927-e3f5edec816b','64516f74-e9dc-472d-92e9-f10eca1c6866',195,'brewing',100),(403,'2022-06-08 02:54:35','609ea97b-cc6a-44d2-a927-e3f5edec816b','64516f74-e9dc-472d-92e9-f10eca1c6866',195,'casting',100),(404,'2022-06-08 02:54:53','609ea97b-cc6a-44d2-a927-e3f5edec816b','64516f74-e9dc-472d-92e9-f10eca1c6866',195,'transfiguration',60),(405,'2022-06-08 14:57:19','609ea97b-cc6a-44d2-a927-e3f5edec816b','d293fcd6-dc5a-4edf-8054-b315c78dd8b3',197,'casting',210),(406,'2022-06-08 14:57:36','609ea97b-cc6a-44d2-a927-e3f5edec816b','d293fcd6-dc5a-4edf-8054-b315c78dd8b3',197,'transfiguration',210),(407,'2022-06-08 14:58:10','609ea97b-cc6a-44d2-a927-e3f5edec816b','d293fcd6-dc5a-4edf-8054-b315c78dd8b3',197,'brewing',150),(408,'2022-06-09 10:08:35','609ea97b-cc6a-44d2-a927-e3f5edec816b','c2ecaaf3-cc71-44d5-a63a-2533c469239c',199,'brewing',100),(409,'2022-06-09 10:08:43','609ea97b-cc6a-44d2-a927-e3f5edec816b','c2ecaaf3-cc71-44d5-a63a-2533c469239c',199,'casting',100),(410,'2022-06-09 10:08:52','609ea97b-cc6a-44d2-a927-e3f5edec816b','c2ecaaf3-cc71-44d5-a63a-2533c469239c',199,'transfiguration',150),(411,'2022-06-10 00:17:30','74af683f-5904-465e-9572-acf3caa5d22c','cc5176c4-2ef5-40cc-8335-1db771df9cc2',201,'brewing',100),(412,'2022-06-10 00:17:42','74af683f-5904-465e-9572-acf3caa5d22c','cc5176c4-2ef5-40cc-8335-1db771df9cc2',201,'casting',60),(413,'2022-06-10 00:17:55','74af683f-5904-465e-9572-acf3caa5d22c','cc5176c4-2ef5-40cc-8335-1db771df9cc2',201,'transfiguration',60),(414,'2022-06-10 09:46:02','609ea97b-cc6a-44d2-a927-e3f5edec816b','65a1da6d-845a-42e6-b07b-5d47b9cd52d3',203,'brewing',100),(415,'2022-06-10 09:46:12','609ea97b-cc6a-44d2-a927-e3f5edec816b','65a1da6d-845a-42e6-b07b-5d47b9cd52d3',203,'transfiguration',100),(416,'2022-06-10 09:46:22','609ea97b-cc6a-44d2-a927-e3f5edec816b','65a1da6d-845a-42e6-b07b-5d47b9cd52d3',203,'casting',60),(417,'2022-06-10 20:54:33','676c5d9a-4829-4446-a4fc-9cb31a66c451','d293fcd6-dc5a-4edf-8054-b315c78dd8b3',197,'brewing',-51),(418,'2022-06-10 20:54:58','676c5d9a-4829-4446-a4fc-9cb31a66c451','d293fcd6-dc5a-4edf-8054-b315c78dd8b3',197,'casting',-86),(419,'2022-06-10 20:55:07','676c5d9a-4829-4446-a4fc-9cb31a66c451','d293fcd6-dc5a-4edf-8054-b315c78dd8b3',197,'transfiguration',-86),(420,'2022-06-12 18:06:34','609ea97b-cc6a-44d2-a927-e3f5edec816b','609ea97b-cc6a-44d2-a927-e3f5edec816b',168,'brewing',60),(421,'2022-06-12 18:07:36','609ea97b-cc6a-44d2-a927-e3f5edec816b','cc5176c4-2ef5-40cc-8335-1db771df9cc2',201,'brewing',25),(422,'2022-06-12 18:07:44','609ea97b-cc6a-44d2-a927-e3f5edec816b','cc5176c4-2ef5-40cc-8335-1db771df9cc2',201,'casting',40),(423,'2022-06-12 18:07:51','609ea97b-cc6a-44d2-a927-e3f5edec816b','cc5176c4-2ef5-40cc-8335-1db771df9cc2',201,'transfiguration',40),(424,'2022-06-12 18:08:32','609ea97b-cc6a-44d2-a927-e3f5edec816b','c2ecaaf3-cc71-44d5-a63a-2533c469239c',199,'brewing',25),(425,'2022-06-12 18:08:39','609ea97b-cc6a-44d2-a927-e3f5edec816b','c2ecaaf3-cc71-44d5-a63a-2533c469239c',199,'casting',25),(426,'2022-06-12 18:09:30','609ea97b-cc6a-44d2-a927-e3f5edec816b','64516f74-e9dc-472d-92e9-f10eca1c6866',195,'brewing',25),(427,'2022-06-12 18:09:38','609ea97b-cc6a-44d2-a927-e3f5edec816b','64516f74-e9dc-472d-92e9-f10eca1c6866',195,'casting',25),(428,'2022-06-12 18:10:00','609ea97b-cc6a-44d2-a927-e3f5edec816b','64516f74-e9dc-472d-92e9-f10eca1c6866',195,'transfiguration',40),(429,'2022-06-12 18:10:47','609ea97b-cc6a-44d2-a927-e3f5edec816b','5ab40cb2-1353-42ae-a9bc-e620492a4f14',193,'brewing',25),(430,'2022-06-12 18:10:54','609ea97b-cc6a-44d2-a927-e3f5edec816b','5ab40cb2-1353-42ae-a9bc-e620492a4f14',193,'casting',25),(431,'2022-06-12 18:11:00','609ea97b-cc6a-44d2-a927-e3f5edec816b','5ab40cb2-1353-42ae-a9bc-e620492a4f14',193,'transfiguration',40),(432,'2022-06-12 18:12:44','609ea97b-cc6a-44d2-a927-e3f5edec816b','74abcee7-81da-4a7f-801f-267efb2f5598',185,'brewing',40),(433,'2022-06-12 18:12:51','609ea97b-cc6a-44d2-a927-e3f5edec816b','74abcee7-81da-4a7f-801f-267efb2f5598',185,'casting',25),(434,'2022-06-12 18:12:58','609ea97b-cc6a-44d2-a927-e3f5edec816b','74abcee7-81da-4a7f-801f-267efb2f5598',185,'transfiguration',25),(435,'2022-06-12 18:13:26','609ea97b-cc6a-44d2-a927-e3f5edec816b','d2f6c46c-f965-4e2b-8c81-7ef1a24d8759',179,'brewing',25),(436,'2022-06-12 18:13:32','609ea97b-cc6a-44d2-a927-e3f5edec816b','d2f6c46c-f965-4e2b-8c81-7ef1a24d8759',179,'transfiguration',25),(437,'2022-06-13 17:17:40','74af683f-5904-465e-9572-acf3caa5d22c','aceadebd-8a84-40c7-a7e7-af60d7776aaa',205,'brewing',125),(438,'2022-06-13 17:17:49','74af683f-5904-465e-9572-acf3caa5d22c','aceadebd-8a84-40c7-a7e7-af60d7776aaa',205,'casting',125),(439,'2022-06-13 17:17:59','74af683f-5904-465e-9572-acf3caa5d22c','aceadebd-8a84-40c7-a7e7-af60d7776aaa',205,'transfiguration',100),(440,'2022-06-15 12:26:30','74af683f-5904-465e-9572-acf3caa5d22c','ab42f800-cdf7-4ff3-b1c9-5122a2bb17ca',209,'casting',125),(441,'2022-06-15 12:26:41','74af683f-5904-465e-9572-acf3caa5d22c','ab42f800-cdf7-4ff3-b1c9-5122a2bb17ca',209,'brewing',125),(442,'2022-06-15 12:26:50','74af683f-5904-465e-9572-acf3caa5d22c','ab42f800-cdf7-4ff3-b1c9-5122a2bb17ca',209,'transfiguration',100),(443,'2022-06-15 12:27:06','74af683f-5904-465e-9572-acf3caa5d22c','0db347b7-982e-4950-bdca-56596070ace2',210,'brewing',125),(444,'2022-06-15 12:27:24','74af683f-5904-465e-9572-acf3caa5d22c','0db347b7-982e-4950-bdca-56596070ace2',210,'casting',100),(445,'2022-06-15 12:27:34','74af683f-5904-465e-9572-acf3caa5d22c','0db347b7-982e-4950-bdca-56596070ace2',210,'transfiguration',125),(446,'2022-06-15 17:17:18','676c5d9a-4829-4446-a4fc-9cb31a66c451','676c5d9a-4829-4446-a4fc-9cb31a66c451',8,'casting',5),(447,'2022-06-15 17:17:39','676c5d9a-4829-4446-a4fc-9cb31a66c451','bc8c1ab5-4f4d-439f-8246-03d9eb74c2f7',44,'casting',5),(448,'2022-06-15 17:17:48','676c5d9a-4829-4446-a4fc-9cb31a66c451','64516f74-e9dc-472d-92e9-f10eca1c6866',195,'casting',5),(449,'2022-06-16 15:47:42','74af683f-5904-465e-9572-acf3caa5d22c','79d657ba-268f-42e6-9840-f304fb7d5c26',212,'brewing',125),(450,'2022-06-16 15:47:54','74af683f-5904-465e-9572-acf3caa5d22c','79d657ba-268f-42e6-9840-f304fb7d5c26',212,'casting',100),(451,'2022-06-16 15:48:03','74af683f-5904-465e-9572-acf3caa5d22c','79d657ba-268f-42e6-9840-f304fb7d5c26',212,'transfiguration',100),(452,'2022-06-17 00:18:04','74af683f-5904-465e-9572-acf3caa5d22c','078d953b-3953-443a-aa1b-e922380ba0b6',213,'brewing',150),(453,'2022-06-17 00:18:12','74af683f-5904-465e-9572-acf3caa5d22c','078d953b-3953-443a-aa1b-e922380ba0b6',213,'casting',125),(454,'2022-06-17 00:18:21','74af683f-5904-465e-9572-acf3caa5d22c','078d953b-3953-443a-aa1b-e922380ba0b6',213,'transfiguration',125),(455,'2022-06-20 15:29:51','609ea97b-cc6a-44d2-a927-e3f5edec816b','febb4759-bc84-4eee-9248-70a6144131de',214,'brewing',100),(456,'2022-06-20 15:30:04','609ea97b-cc6a-44d2-a927-e3f5edec816b','febb4759-bc84-4eee-9248-70a6144131de',214,'casting',125),(457,'2022-06-20 15:30:13','609ea97b-cc6a-44d2-a927-e3f5edec816b','febb4759-bc84-4eee-9248-70a6144131de',214,'transfiguration',100),(458,'2022-06-21 07:36:03','609ea97b-cc6a-44d2-a927-e3f5edec816b','8c2a8bc7-f384-4e26-b9c7-d3b8d502f464',215,'brewing',500),(459,'2022-06-21 07:36:10','609ea97b-cc6a-44d2-a927-e3f5edec816b','8c2a8bc7-f384-4e26-b9c7-d3b8d502f464',215,'casting',550),(460,'2022-06-21 07:36:17','609ea97b-cc6a-44d2-a927-e3f5edec816b','8c2a8bc7-f384-4e26-b9c7-d3b8d502f464',215,'transfiguration',550),(461,'2022-06-23 06:22:44','609ea97b-cc6a-44d2-a927-e3f5edec816b','72d063a4-8064-4544-8046-54ea8802eacf',217,'casting',125),(462,'2022-06-23 06:22:52','609ea97b-cc6a-44d2-a927-e3f5edec816b','72d063a4-8064-4544-8046-54ea8802eacf',217,'transfiguration',125),(463,'2022-06-23 06:22:59','609ea97b-cc6a-44d2-a927-e3f5edec816b','72d063a4-8064-4544-8046-54ea8802eacf',217,'brewing',100);
/*!40000 ALTER TABLE `log` ENABLE KEYS */;
UNLOCK TABLES;

--
-- Table structure for table `players`
--

DROP TABLE IF EXISTS `players`;
/*!40101 SET @saved_cs_client     = @@character_set_client */;
/*!50503 SET character_set_client = utf8mb4 */;
CREATE TABLE `players` (
  `id` int NOT NULL AUTO_INCREMENT,
  `uuid` varchar(64) NOT NULL,
  `storyteller` int NOT NULL DEFAULT '0',
  `administrator` int NOT NULL DEFAULT '0',
  `lastseen` datetime DEFAULT NULL,
  `activecharacterid` int DEFAULT NULL,
  PRIMARY KEY (`id`),
  UNIQUE KEY `id_UNIQUE` (`id`),
  UNIQUE KEY `uuid_UNIQUE` (`uuid`)
) ENGINE=MyISAM AUTO_INCREMENT=113 DEFAULT CHARSET=utf8mb3;
/*!40101 SET character_set_client = @saved_cs_client */;

--
-- Dumping data for table `players`
--

LOCK TABLES `players` WRITE;
/*!40000 ALTER TABLE `players` DISABLE KEYS */;
INSERT INTO `players` VALUES (1,'1234abc',1,1,'2020-09-20 00:00:18',7),(2,'b98a4eaf-f9f7-45c9-a6b3-2189c744c630',1,1,'2022-03-09 18:12:16',2),(3,'a08ae45a-d59c-45e2-906f-d26e03d496b4',0,0,'2020-09-21 21:28:57',7),(4,'676c5d9a-4829-4446-a4fc-9cb31a66c451',1,1,'2022-06-23 17:10:27',8),(5,'fc722498-6cd8-4c38-a5f6-7b5f8d34f72a',1,0,'2022-03-29 10:50:44',11),(6,'7e5c9ba7-7b64-4dc3-9e2c-fcb83dedf935',0,0,'2020-09-23 00:53:17',13),(7,'5e84b35f-1a48-4eb2-90ad-12df3c196a86',1,0,'2021-07-13 16:51:52',16),(8,'b1b8ddb0-f8cb-4e08-9d88-4640f1366a7d',1,0,'2022-06-19 18:37:08',18),(9,'29b86943-4964-4eb6-b634-3fc40cf419b4',1,0,'2021-02-17 00:44:41',20),(10,'b2093cea-c283-47a6-bf65-51025759b266',0,0,'2020-09-21 16:24:57',22),(11,'533d2431-c250-48ef-b3a4-0d37dc065509',1,0,'2021-06-28 18:27:20',26),(12,'efed6d1d-11de-4d26-b03b-0330dac4fadb',1,0,'2022-06-18 14:25:25',28),(13,'ca74d8f1-1880-44fa-a703-255ba7612dd6',0,0,'2021-03-13 06:19:59',74),(14,'1844ce6f-2ffb-4216-8b0e-334ff730720b',0,0,'2022-06-10 21:00:24',32),(15,'31eea0b8-fe04-4a82-aca0-828fea363f72',0,0,'2022-03-24 00:18:20',33),(16,'4a8a0296-43d8-43a4-bca2-0ba95a9ef768',0,0,'2021-06-28 19:41:49',35),(17,'ff3493ba-76b9-403a-b301-cba1421ed36f',0,0,'2022-02-08 13:10:13',38),(18,'207d133b-d3b1-43c5-b13a-ada76c45bda0',0,0,'2021-02-07 19:57:27',40),(19,'18a48eb8-2dc0-49df-b63e-f7e9bbfab764',0,0,'2021-02-27 22:45:59',42),(20,'f14dd745-df8b-457c-87e3-f51de67f2431',0,0,'2021-02-03 23:32:33',43),(21,'bc8c1ab5-4f4d-439f-8246-03d9eb74c2f7',0,0,'2022-06-21 00:30:16',44),(22,'6b3b479f-b437-4d9f-a6bd-2d50f1108b3d',0,0,'2021-02-17 01:42:47',46),(23,'3b507bed-f9e6-470e-abea-c4e7f24948b7',0,0,'2022-06-21 20:33:29',194),(24,'db83dfa2-101f-40ec-8e89-c0863b851417',0,0,'2021-05-31 11:44:53',49),(25,'9b30875b-6c19-4c30-995d-95031792f18a',0,0,'2021-10-03 04:12:54',51),(26,'609ea97b-cc6a-44d2-a927-e3f5edec816b',1,0,'2022-06-23 18:45:48',168),(27,'ae2fde34-0275-4bcf-ab8a-96526945802a',0,0,'2021-06-19 18:16:14',57),(70,'39f4f61e-0d08-45c3-a184-c1d899d5c520',0,0,'2022-02-18 17:17:58',133),(29,'27f21910-1549-4391-8101-43b06abbaf70',0,0,'2021-02-26 05:19:34',58),(30,'104521ca-b60b-4796-b575-70bf3b1126f1',0,0,'2021-02-15 22:06:02',60),(31,'81dc3b8f-a180-4715-b5b6-126828346ee0',0,0,'2021-03-08 00:40:56',62),(32,'2189c2f0-a57c-4bb4-a934-1a7fa2b4b0b8',0,0,'2021-03-17 18:40:32',64),(33,'ca5d15bc-13e0-4638-ac85-6b68a0c9294f',0,0,'2021-02-25 18:30:42',66),(34,'c9c9ef8c-99b0-46e5-bdf5-95787fb5b353',0,0,'2021-03-14 19:55:59',68),(35,'fdf5746a-e891-4418-b31d-306867f3e354',0,0,'2021-03-10 02:38:50',69),(36,'e3440745-0e5c-4cce-81b7-a6b34a5b5739',0,0,'2021-05-27 02:54:22',71),(37,'77e7c657-3fe4-48ca-8b20-0d9231e1255d',0,0,'2021-03-12 23:56:37',77),(38,'f71fb3c6-e7b6-4ace-8b5c-729239fbea05',0,0,'2021-03-11 01:28:58',80),(39,'0c9fbc01-e94b-4f88-829d-82e393d46153',0,0,'2022-06-11 16:05:28',82),(40,'cb564a81-0556-44c0-ae07-3e92b3d7bcbc',0,0,'2021-03-16 18:14:43',84),(41,'17c6fdcc-e932-42a5-8374-54c04a419a5e',0,0,'2021-03-30 02:16:54',87),(42,'2d09cc73-dfc7-41a6-aa5b-237f76021e2a',0,0,'2022-06-21 18:34:42',89),(43,'5d9861c7-5869-462e-9e24-1dc3aa49fca6',0,0,'2021-06-19 21:02:39',91),(44,'c80fdfc6-03dc-454f-97ff-c184f5d2deaf',0,0,'2021-06-04 10:56:00',93),(45,'a43f51bf-7f2c-4a26-ab31-5efe3be6829d',0,0,'2022-02-07 23:18:47',95),(46,'87b22ef1-0f2f-4e29-89b9-bed6c443d958',0,0,'2021-06-19 22:06:41',96),(47,'12309200-8b89-42ef-b9e2-374c6417e005',0,0,'2021-07-01 00:49:49',97),(48,'c8562ff7-5f0c-45b9-ab63-24ffc6ad4ac6',1,0,'2021-10-15 14:58:09',98),(49,'b6adc689-9a55-4b0e-82ec-c868be7a2be5',1,0,'2021-10-22 03:55:54',99),(50,'a64d7202-d6db-45af-b3a8-765002f3ca33',1,0,'2022-06-10 00:41:20',101),(51,'74af683f-5904-465e-9572-acf3caa5d22c',1,0,'2022-06-17 00:33:21',102),(52,'e1beb32f-eb81-44bf-b376-7795e8c6de8d',0,0,'2022-05-24 07:09:07',171),(53,'75b7436c-05b7-4ff8-8767-2d78289e2127',0,0,'2022-01-13 12:54:32',107),(54,'0ac561d8-4067-4e90-b8c1-b31141c8de8f',0,0,'2022-05-03 05:24:54',109),(55,'e9951d7e-b38f-43b5-93c9-595c83e8328f',0,0,'2022-03-07 19:54:37',111),(56,'d8adddf6-0384-4ddb-ab60-304048e93c42',0,0,'2022-01-14 10:36:17',112),(57,'f63d9827-623d-4ca2-85f1-fa2572d0ee08',0,0,'2022-04-04 11:10:18',114),(58,'4d10de4f-02b0-452a-b457-343ce34cb24a',0,0,'2022-02-12 23:05:30',116),(59,'8c2a8bc7-f384-4e26-b9c7-d3b8d502f464',0,0,'2022-06-23 22:03:01',215),(60,'e931aa73-1aa5-45e6-881d-beebe9adc857',0,0,'2022-02-04 20:13:59',119),(61,'0650f871-85ed-4a5b-afe3-4d5f78cc1284',0,0,'2022-03-06 22:28:58',121),(62,'9f4a59ad-aa28-49ce-ae4d-691eb63b153b',0,0,'2022-02-08 05:59:08',123),(63,'4394978c-5847-4ea5-a099-1bd19615ff72',0,0,'2022-06-21 20:29:59',124),(64,'23f83ee2-d471-4fac-921e-420e93c319fd',0,0,'2022-03-06 19:35:20',125),(65,'9f09bb88-5496-4b5e-bed6-190be396515a',0,0,'2022-02-02 23:04:43',126),(66,'dc4e0e4e-d991-4409-b133-29052f67483f',0,0,'2022-01-28 23:43:33',127),(67,'fe7b89fd-2fc4-47c8-a465-19d045e26242',0,0,'2022-01-29 07:25:50',128),(68,'a220fd9c-81aa-4b5e-84bd-83ce879f6531',0,0,'2022-01-29 10:18:18',130),(71,'69107701-a3cb-4d01-903c-72e160a34058',0,0,'2022-02-07 19:58:21',135),(72,'c1fd57ba-faf1-4f31-9837-1adc1b5a0d61',0,0,'2022-06-13 11:10:01',136),(73,'4295b389-77c9-4a2d-9e6f-5a6f287f13ee',0,0,'2022-06-19 18:57:10',137),(74,'a3ae7867-ac9c-4556-875a-9b13552b8456',0,0,'2022-05-09 15:08:56',138),(75,'114c7b9d-2dc1-4481-85fa-87e3549715a6',0,0,'2022-06-19 16:30:00',167),(76,'1eb55a32-d094-48e1-ba58-3e485784df37',0,0,'2022-04-17 15:23:04',141),(77,'8b32fd96-6cf0-40b3-8bb0-4c6497f22649',0,0,'2022-02-11 17:17:22',143),(78,'4e71fb2a-f1f2-4abd-a571-9b72a3768b98',0,0,'2022-03-16 13:50:28',160),(79,'bf678fde-63d2-438d-abf5-eccac686af08',0,0,'2022-02-22 05:14:09',146),(80,'a7bc64b7-3b74-4bbb-9ae3-3ae188933d37',0,0,'2022-05-07 21:52:20',148),(81,'4b35068d-0ada-4e8c-bc3d-e8022e9fe10c',0,0,'2022-05-14 10:32:20',152),(82,'30f9d9d4-0be2-4097-9ec0-930d84f0f843',0,0,'2022-02-27 22:27:45',154),(83,'52369810-64e6-470e-a37b-8a874dee3570',0,0,'2022-06-19 14:33:47',156),(84,'3957e9bd-17ac-4ff6-aea4-090c333b02f3',0,0,'2022-03-10 20:33:52',158),(85,'ed72b233-abd6-4357-97ea-07087a92e7e3',0,0,'2022-05-24 11:21:37',159),(86,'0382aa36-7e34-4ccf-866d-b4efc091b49d',0,0,'2022-06-01 11:56:06',162),(87,'b587053f-5f24-40de-af91-464a02c11497',0,0,'2022-03-18 18:29:05',164),(88,'3bf7e4ac-55d1-4d0a-8bfd-7ede81d06b52',0,0,'2022-03-20 12:26:55',166),(89,'1025b17a-3182-4163-b628-e5bad01dc57c',0,0,'2022-04-22 12:51:03',170),(90,'576c0281-3b4a-4234-a8cc-330983f9fbcc',0,0,'2022-04-21 07:22:50',173),(91,'febb4759-bc84-4eee-9248-70a6144131de',0,0,'2022-06-23 17:41:56',214),(92,'81170c3a-0e7b-4acb-a74f-023baf6faa07',0,0,'2022-06-20 14:58:07',177),(93,'d2f6c46c-f965-4e2b-8c81-7ef1a24d8759',0,0,'2022-06-12 18:13:32',179),(94,'e5f01bed-3abe-4e86-8e40-af4da8941e6e',0,0,'2022-05-24 15:37:06',181),(95,'6ef3b041-cfe2-4665-867f-dcabbbff8892',0,0,'2022-06-21 18:15:45',183),(96,'74abcee7-81da-4a7f-801f-267efb2f5598',0,0,'2022-06-21 20:37:06',185),(97,'46ff5cc1-f6da-4607-8bf6-e3ee0f268123',0,0,'2022-06-15 17:24:51',189),(98,'01713d6c-18fb-4bc9-b262-e5c02ae5cbbf',0,0,'2022-06-12 19:18:22',190),(99,'00845638-ae7e-4707-9651-2778dd01c666',0,0,'2022-06-22 20:12:53',191),(100,'5ab40cb2-1353-42ae-a9bc-e620492a4f14',0,0,'2022-06-12 18:11:00',193),(101,'64516f74-e9dc-472d-92e9-f10eca1c6866',0,0,'2022-06-23 14:06:07',195),(102,'d293fcd6-dc5a-4edf-8054-b315c78dd8b3',0,0,'2022-06-19 22:19:31',197),(103,'c2ecaaf3-cc71-44d5-a63a-2533c469239c',0,0,'2022-06-21 04:56:51',199),(104,'cc5176c4-2ef5-40cc-8335-1db771df9cc2',0,0,'2022-06-23 00:08:07',201),(105,'65a1da6d-845a-42e6-b07b-5d47b9cd52d3',0,0,'2022-06-22 17:06:08',203),(106,'aceadebd-8a84-40c7-a7e7-af60d7776aaa',0,0,'2022-06-14 18:34:03',205),(107,'7000e789-e2a8-41de-9b19-58fe671d7e61',0,0,'2022-06-17 16:29:43',206),(108,'ab42f800-cdf7-4ff3-b1c9-5122a2bb17ca',0,0,'2022-06-19 20:46:16',209),(109,'0db347b7-982e-4950-bdca-56596070ace2',0,0,'2022-06-22 22:59:30',210),(110,'79d657ba-268f-42e6-9840-f304fb7d5c26',0,0,'2022-06-21 21:12:17',212),(111,'078d953b-3953-443a-aa1b-e922380ba0b6',0,0,'2022-06-22 22:19:45',213),(112,'72d063a4-8064-4544-8046-54ea8802eacf',0,0,'2022-06-23 06:27:07',217);
/*!40000 ALTER TABLE `players` ENABLE KEYS */;
UNLOCK TABLES;
/*!40103 SET TIME_ZONE=@OLD_TIME_ZONE */;

/*!40101 SET SQL_MODE=@OLD_SQL_MODE */;
/*!40014 SET FOREIGN_KEY_CHECKS=@OLD_FOREIGN_KEY_CHECKS */;
/*!40014 SET UNIQUE_CHECKS=@OLD_UNIQUE_CHECKS */;
/*!40101 SET CHARACTER_SET_CLIENT=@OLD_CHARACTER_SET_CLIENT */;
/*!40101 SET CHARACTER_SET_RESULTS=@OLD_CHARACTER_SET_RESULTS */;
/*!40101 SET COLLATION_CONNECTION=@OLD_COLLATION_CONNECTION */;
/*!40111 SET SQL_NOTES=@OLD_SQL_NOTES */;

-- Dump completed on 2022-06-23 22:14:52
